{"id":120,"date":"2018-10-21T16:19:02","date_gmt":"2018-10-21T14:19:02","guid":{"rendered":"https:\/\/www.wagnerundteam.de\/?page_id=120"},"modified":"2018-10-21T16:19:02","modified_gmt":"2018-10-21T14:19:02","slug":"paediatrie","status":"publish","type":"page","link":"https:\/\/www.wagnerundteam.de\/ergotherapie\/therapien\/paediatrie\/","title":{"rendered":"P\u00e4diatrie"},"content":{"rendered":"\n<p>In unserer Praxis behandeln wir S\u00e4uglinge, Kinder und Jugendliche mit physischen, psychischen, geistigen und\/oder sozialen Beeintr\u00e4chtigungen.<br>Hierzu werden unter anderem verschiedene Behandlungsmethoden wie nach Bobath, SI (Sensorische Integrationstherapie), Moto-Therapie, Neurofeedback und Elternarbeit angeboten.<br>Gerne bieten wir auch Kleingruppen insbesondere bei Schwierigkeiten im sozial-emotionalen Bereich an und unterst\u00fctzen bei der Schulvorbereitung und Einschulung.<\/p>\n\n\n\n<p>Wir arbeiten nach einem <strong>ganzheitlich <\/strong>orientierten Ansatz und sehen den <strong>Menschen <\/strong>mit seinen Ressourcen im Mittelpunkt.<br><\/p>\n\n\n\n<h2 class=\"wp-block-heading\">Unsere Gruppenangebote in der P\u00e4diatrie<\/h2>\n\n\n\n<ul class=\"wp-block-list\">\n<li>Wir sind stark: Schwerpunkt Selbstwertgef\u00fchl, sozial-emotionaler Bereich<\/li>\n\n\n\n<li>Top fit f\u00fcr die Schule: Schwerpunkt Fein- und Grafomotorik<\/li>\n\n\n\n<li>Au Backe, ich kanns: Schwerpunkt Konzentration<\/li>\n<\/ul>\n\n\n\n<h2 class=\"wp-block-heading\">Wir behandeln unter anderem Kinder und Jugendliche mit&#8230;<\/h2>\n\n\n\n<ul class=\"wp-block-list\">\n<li>St\u00f6rungen des Bewegungsapparates und der Bewegungsabl\u00e4ufe<\/li>\n\n\n\n<li>Schwierigkeiten bei der Handlungsplanung<\/li>\n\n\n\n<li>Lernschwierigkeiten (LRS, Dyskalkulie, &#8230;)<\/li>\n\n\n\n<li>St\u00f6rungen der Fein-, Grapho- und Grobmotorik<\/li>\n\n\n\n<li>Beeintr\u00e4chtigungen in der Wahrnehmung und Wahrnehmungsverarbeitung (auditiv, visuell, taktil-kin\u00e4sthetisch)<\/li>\n\n\n\n<li>Genetischen Syndromen<\/li>\n\n\n\n<li>Fr\u00fchf\u00f6rderung<\/li>\n\n\n\n<li>Verhaltensauff\u00e4lligkeiten und emotionale St\u00f6rungen <\/li>\n\n\n\n<li>\u00c4ngste<\/li>\n\n\n\n<li>Aggressionen<\/li>\n\n\n\n<li>Antriebsmangel<\/li>\n\n\n\n<li>Autismus <\/li>\n\n\n\n<li>Hyperaktivit\u00e4t<\/li>\n\n\n\n<li>Enuresis<\/li>\n\n\n\n<li>Depressionen im Kindesalter<\/li>\n\n\n\n<li>Bindungsst\u00f6rungen<\/li>\n<\/ul>\n\n\n\n<p>Bei einem gemeinsamen Gespr\u00e4ch finden wir einen f\u00fcr <strong>Ihre Bed\u00fcrfnisse<\/strong> geeigneten Therapeuten. Sprechen Sie uns hierzu gerne an.<\/p>\n\n\n\n<figure class=\"wp-block-image is-resized\"><img loading=\"lazy\" decoding=\"async\" width=\"1024\" height=\"659\" src=\"https:\/\/www.wagnerundteam.de\/ergotherapie\/wp-content\/uploads\/sites\/4\/2019\/08\/P1015832-1024x659.jpg\" alt=\"\" class=\"wp-image-416\" style=\"width:621px;height:399px\" srcset=\"https:\/\/www.wagnerundteam.de\/ergotherapie\/wp-content\/uploads\/sites\/4\/2019\/08\/P1015832-1024x659.jpg 1024w, https:\/\/www.wagnerundteam.de\/ergotherapie\/wp-content\/uploads\/sites\/4\/2019\/08\/P1015832-300x193.jpg 300w, https:\/\/www.wagnerundteam.de\/ergotherapie\/wp-content\/uploads\/sites\/4\/2019\/08\/P1015832-768x495.jpg 768w, https:\/\/www.wagnerundteam.de\/ergotherapie\/wp-content\/uploads\/sites\/4\/2019\/08\/P1015832-1536x989.jpg 1536w, https:\/\/www.wagnerundteam.de\/ergotherapie\/wp-content\/uploads\/sites\/4\/2019\/08\/P1015832-2048x1319.jpg 2048w\" sizes=\"auto, (max-width: 767px) 89vw, (max-width: 1000px) 54vw, (max-width: 1071px) 543px, 580px\" \/><\/figure>\n","protected":false},"excerpt":{"rendered":"<p>In unserer Praxis behandeln wir S\u00e4uglinge, Kinder und Jugendliche mit physischen, psychischen, geistigen und\/oder sozialen Beeintr\u00e4chtigungen.Hierzu werden unter anderem verschiedene Behandlungsmethoden wie nach Bobath, SI (Sensorische Integrationstherapie), Moto-Therapie, Neurofeedback und Elternarbeit angeboten.Gerne bieten wir auch Kleingruppen insbesondere bei Schwierigkeiten im sozial-emotionalen Bereich an und unterst\u00fctzen bei der Schulvorbereitung und Einschulung. Wir arbeiten nach einem ganzheitlich &hellip; <\/p>\n<p class=\"link-more\"><a href=\"https:\/\/www.wagnerundteam.de\/ergotherapie\/therapien\/paediatrie\/\" class=\"more-link\"><span class=\"screen-reader-text\">\u201eP\u00e4diatrie\u201c<\/span> weiterlesen<\/a><\/p>\n","protected":false},"author":1,"featured_media":479,"parent":292,"menu_order":2,"comment_status":"closed","ping_status":"closed","template":"","meta":{"ngg_post_thumbnail":0,"footnotes":""},"class_list":["post-120","page","type-page","status-publish","has-post-thumbnail","hentry"],"yoast_head":"<!-- This site is optimized with the Yoast SEO plugin v27.4 - https:\/\/yoast.com\/product\/yoast-seo-wordpress\/ -->\n<title>P\u00e4diatrie - Praxis f\u00fcr Ergotherapie Wagner &amp; Team - Berlin Friedrichsfelde Lichtenberg Friedrichshain<\/title>\n<meta name=\"description\" content=\"P\u00e4diatrie, Schulvorbereitung, Einschulung, Feinmotorik, Grafomotorik, Bobath, Sensorische Integrationstherapie, Moto-Therapie, Neurofeedback, Elternarbeit\" \/>\n<meta name=\"robots\" content=\"index, follow, max-snippet:-1, max-image-preview:large, max-video-preview:-1\" \/>\n<link rel=\"canonical\" href=\"https:\/\/www.wagnerundteam.de\/ergotherapie\/therapien\/paediatrie\/\" \/>\n<meta property=\"og:locale\" content=\"de_DE\" \/>\n<meta property=\"og:type\" content=\"article\" \/>\n<meta property=\"og:title\" content=\"P\u00e4diatrie - Praxis f\u00fcr Ergotherapie Wagner &amp; Team - Berlin Friedrichsfelde Lichtenberg Friedrichshain\" \/>\n<meta property=\"og:description\" content=\"P\u00e4diatrie, Schulvorbereitung, Einschulung, Feinmotorik, Grafomotorik, Bobath, Sensorische Integrationstherapie, Moto-Therapie, Neurofeedback, Elternarbeit\" \/>\n<meta property=\"og:url\" content=\"https:\/\/www.wagnerundteam.de\/ergotherapie\/therapien\/paediatrie\/\" \/>\n<meta property=\"og:site_name\" content=\"Praxis f\u00fcr Ergotherapie Wagner &amp; Team - Berlin Friedrichsfelde Lichtenberg Friedrichshain\" \/>\n<meta property=\"og:image\" content=\"https:\/\/www.wagnerundteam.de\/ergotherapie\/wp-content\/uploads\/sites\/4\/2019\/08\/P1015845-2.jpg\" \/>\n\t<meta property=\"og:image:width\" content=\"1925\" \/>\n\t<meta property=\"og:image:height\" content=\"500\" \/>\n\t<meta property=\"og:image:type\" content=\"image\/jpeg\" \/>\n<meta name=\"twitter:card\" content=\"summary_large_image\" \/>\n<meta name=\"twitter:label1\" content=\"Gesch\u00e4tzte Lesezeit\" \/>\n\t<meta name=\"twitter:data1\" content=\"2\u00a0Minuten\" \/>\n<script type=\"application\/ld+json\" class=\"yoast-schema-graph\">{\"@context\":\"https:\\\/\\\/schema.org\",\"@graph\":[{\"@type\":\"WebPage\",\"@id\":\"https:\\\/\\\/www.wagnerundteam.de\\\/ergotherapie\\\/therapien\\\/paediatrie\\\/\",\"url\":\"https:\\\/\\\/www.wagnerundteam.de\\\/ergotherapie\\\/therapien\\\/paediatrie\\\/\",\"name\":\"P\u00e4diatrie - Praxis f\u00fcr Ergotherapie Wagner &amp; Team - Berlin Friedrichsfelde Lichtenberg Friedrichshain\",\"isPartOf\":{\"@id\":\"https:\\\/\\\/www.wagnerundteam.de\\\/ergotherapie\\\/#website\"},\"primaryImageOfPage\":{\"@id\":\"https:\\\/\\\/www.wagnerundteam.de\\\/ergotherapie\\\/therapien\\\/paediatrie\\\/#primaryimage\"},\"image\":{\"@id\":\"https:\\\/\\\/www.wagnerundteam.de\\\/ergotherapie\\\/therapien\\\/paediatrie\\\/#primaryimage\"},\"thumbnailUrl\":\"https:\\\/\\\/www.wagnerundteam.de\\\/ergotherapie\\\/wp-content\\\/uploads\\\/sites\\\/4\\\/2019\\\/08\\\/P1015845-2.jpg\",\"datePublished\":\"2018-10-21T14:19:02+00:00\",\"description\":\"P\u00e4diatrie, Schulvorbereitung, Einschulung, Feinmotorik, Grafomotorik, Bobath, Sensorische Integrationstherapie, Moto-Therapie, Neurofeedback, Elternarbeit\",\"breadcrumb\":{\"@id\":\"https:\\\/\\\/www.wagnerundteam.de\\\/ergotherapie\\\/therapien\\\/paediatrie\\\/#breadcrumb\"},\"inLanguage\":\"de\",\"potentialAction\":[{\"@type\":\"ReadAction\",\"target\":[\"https:\\\/\\\/www.wagnerundteam.de\\\/ergotherapie\\\/therapien\\\/paediatrie\\\/\"]}]},{\"@type\":\"ImageObject\",\"inLanguage\":\"de\",\"@id\":\"https:\\\/\\\/www.wagnerundteam.de\\\/ergotherapie\\\/therapien\\\/paediatrie\\\/#primaryimage\",\"url\":\"https:\\\/\\\/www.wagnerundteam.de\\\/ergotherapie\\\/wp-content\\\/uploads\\\/sites\\\/4\\\/2019\\\/08\\\/P1015845-2.jpg\",\"contentUrl\":\"https:\\\/\\\/www.wagnerundteam.de\\\/ergotherapie\\\/wp-content\\\/uploads\\\/sites\\\/4\\\/2019\\\/08\\\/P1015845-2.jpg\",\"width\":1925,\"height\":500},{\"@type\":\"BreadcrumbList\",\"@id\":\"https:\\\/\\\/www.wagnerundteam.de\\\/ergotherapie\\\/therapien\\\/paediatrie\\\/#breadcrumb\",\"itemListElement\":[{\"@type\":\"ListItem\",\"position\":1,\"name\":\"Startseite\",\"item\":\"https:\\\/\\\/www.wagnerundteam.de\\\/ergotherapie\\\/\"},{\"@type\":\"ListItem\",\"position\":2,\"name\":\"Therapien\",\"item\":\"https:\\\/\\\/www.wagnerundteam.de\\\/ergotherapie\\\/therapien\\\/\"},{\"@type\":\"ListItem\",\"position\":3,\"name\":\"P\u00e4diatrie\"}]},{\"@type\":\"WebSite\",\"@id\":\"https:\\\/\\\/www.wagnerundteam.de\\\/ergotherapie\\\/#website\",\"url\":\"https:\\\/\\\/www.wagnerundteam.de\\\/ergotherapie\\\/\",\"name\":\"Praxis f\u00fcr Ergotherapie Wagner &amp; Team - Berlin Friedrichsfelde Lichtenberg Friedrichshain\",\"description\":\"Ihre Ergotherapeuten Praxis am Tierpark in Berlin\",\"publisher\":{\"@id\":\"https:\\\/\\\/www.wagnerundteam.de\\\/ergotherapie\\\/#organization\"},\"potentialAction\":[{\"@type\":\"SearchAction\",\"target\":{\"@type\":\"EntryPoint\",\"urlTemplate\":\"https:\\\/\\\/www.wagnerundteam.de\\\/ergotherapie\\\/?s={search_term_string}\"},\"query-input\":{\"@type\":\"PropertyValueSpecification\",\"valueRequired\":true,\"valueName\":\"search_term_string\"}}],\"inLanguage\":\"de\"},{\"@type\":\"Organization\",\"@id\":\"https:\\\/\\\/www.wagnerundteam.de\\\/ergotherapie\\\/#organization\",\"name\":\"Praxis f\u00fcr Ergotherapie Wagner &amp; Team - Berlin Friedrichsfelde Lichtenberg Friedrichshain\",\"url\":\"https:\\\/\\\/www.wagnerundteam.de\\\/ergotherapie\\\/\",\"logo\":{\"@type\":\"ImageObject\",\"inLanguage\":\"de\",\"@id\":\"https:\\\/\\\/www.wagnerundteam.de\\\/ergotherapie\\\/#\\\/schema\\\/logo\\\/image\\\/\",\"url\":\"https:\\\/\\\/www.wagnerundteam.de\\\/ergotherapie\\\/wp-content\\\/uploads\\\/sites\\\/4\\\/2018\\\/08\\\/cropped-LOGO_hoch.png\",\"contentUrl\":\"https:\\\/\\\/www.wagnerundteam.de\\\/ergotherapie\\\/wp-content\\\/uploads\\\/sites\\\/4\\\/2018\\\/08\\\/cropped-LOGO_hoch.png\",\"width\":1140,\"height\":250,\"caption\":\"Praxis f\u00fcr Ergotherapie Wagner &amp; Team - Berlin Friedrichsfelde Lichtenberg Friedrichshain\"},\"image\":{\"@id\":\"https:\\\/\\\/www.wagnerundteam.de\\\/ergotherapie\\\/#\\\/schema\\\/logo\\\/image\\\/\"}}]}<\/script>\n<!-- \/ Yoast SEO plugin. -->","yoast_head_json":{"title":"P\u00e4diatrie - Praxis f\u00fcr Ergotherapie Wagner &amp; Team - Berlin Friedrichsfelde Lichtenberg Friedrichshain","description":"P\u00e4diatrie, Schulvorbereitung, Einschulung, Feinmotorik, Grafomotorik, Bobath, Sensorische Integrationstherapie, Moto-Therapie, Neurofeedback, Elternarbeit","robots":{"index":"index","follow":"follow","max-snippet":"max-snippet:-1","max-image-preview":"max-image-preview:large","max-video-preview":"max-video-preview:-1"},"canonical":"https:\/\/www.wagnerundteam.de\/ergotherapie\/therapien\/paediatrie\/","og_locale":"de_DE","og_type":"article","og_title":"P\u00e4diatrie - Praxis f\u00fcr Ergotherapie Wagner &amp; Team - Berlin Friedrichsfelde Lichtenberg Friedrichshain","og_description":"P\u00e4diatrie, Schulvorbereitung, Einschulung, Feinmotorik, Grafomotorik, Bobath, Sensorische Integrationstherapie, Moto-Therapie, Neurofeedback, Elternarbeit","og_url":"https:\/\/www.wagnerundteam.de\/ergotherapie\/therapien\/paediatrie\/","og_site_name":"Praxis f\u00fcr Ergotherapie Wagner &amp; Team - Berlin Friedrichsfelde Lichtenberg Friedrichshain","og_image":[{"width":1925,"height":500,"url":"https:\/\/www.wagnerundteam.de\/ergotherapie\/wp-content\/uploads\/sites\/4\/2019\/08\/P1015845-2.jpg","type":"image\/jpeg"}],"twitter_card":"summary_large_image","twitter_misc":{"Gesch\u00e4tzte Lesezeit":"2\u00a0Minuten"},"schema":{"@context":"https:\/\/schema.org","@graph":[{"@type":"WebPage","@id":"https:\/\/www.wagnerundteam.de\/ergotherapie\/therapien\/paediatrie\/","url":"https:\/\/www.wagnerundteam.de\/ergotherapie\/therapien\/paediatrie\/","name":"P\u00e4diatrie - Praxis f\u00fcr Ergotherapie Wagner &amp; Team - Berlin Friedrichsfelde Lichtenberg Friedrichshain","isPartOf":{"@id":"https:\/\/www.wagnerundteam.de\/ergotherapie\/#website"},"primaryImageOfPage":{"@id":"https:\/\/www.wagnerundteam.de\/ergotherapie\/therapien\/paediatrie\/#primaryimage"},"image":{"@id":"https:\/\/www.wagnerundteam.de\/ergotherapie\/therapien\/paediatrie\/#primaryimage"},"thumbnailUrl":"https:\/\/www.wagnerundteam.de\/ergotherapie\/wp-content\/uploads\/sites\/4\/2019\/08\/P1015845-2.jpg","datePublished":"2018-10-21T14:19:02+00:00","description":"P\u00e4diatrie, Schulvorbereitung, Einschulung, Feinmotorik, Grafomotorik, Bobath, Sensorische Integrationstherapie, Moto-Therapie, Neurofeedback, Elternarbeit","breadcrumb":{"@id":"https:\/\/www.wagnerundteam.de\/ergotherapie\/therapien\/paediatrie\/#breadcrumb"},"inLanguage":"de","potentialAction":[{"@type":"ReadAction","target":["https:\/\/www.wagnerundteam.de\/ergotherapie\/therapien\/paediatrie\/"]}]},{"@type":"ImageObject","inLanguage":"de","@id":"https:\/\/www.wagnerundteam.de\/ergotherapie\/therapien\/paediatrie\/#primaryimage","url":"https:\/\/www.wagnerundteam.de\/ergotherapie\/wp-content\/uploads\/sites\/4\/2019\/08\/P1015845-2.jpg","contentUrl":"https:\/\/www.wagnerundteam.de\/ergotherapie\/wp-content\/uploads\/sites\/4\/2019\/08\/P1015845-2.jpg","width":1925,"height":500},{"@type":"BreadcrumbList","@id":"https:\/\/www.wagnerundteam.de\/ergotherapie\/therapien\/paediatrie\/#breadcrumb","itemListElement":[{"@type":"ListItem","position":1,"name":"Startseite","item":"https:\/\/www.wagnerundteam.de\/ergotherapie\/"},{"@type":"ListItem","position":2,"name":"Therapien","item":"https:\/\/www.wagnerundteam.de\/ergotherapie\/therapien\/"},{"@type":"ListItem","position":3,"name":"P\u00e4diatrie"}]},{"@type":"WebSite","@id":"https:\/\/www.wagnerundteam.de\/ergotherapie\/#website","url":"https:\/\/www.wagnerundteam.de\/ergotherapie\/","name":"Praxis f\u00fcr Ergotherapie Wagner &amp; Team - Berlin Friedrichsfelde Lichtenberg Friedrichshain","description":"Ihre Ergotherapeuten Praxis am Tierpark in Berlin","publisher":{"@id":"https:\/\/www.wagnerundteam.de\/ergotherapie\/#organization"},"potentialAction":[{"@type":"SearchAction","target":{"@type":"EntryPoint","urlTemplate":"https:\/\/www.wagnerundteam.de\/ergotherapie\/?s={search_term_string}"},"query-input":{"@type":"PropertyValueSpecification","valueRequired":true,"valueName":"search_term_string"}}],"inLanguage":"de"},{"@type":"Organization","@id":"https:\/\/www.wagnerundteam.de\/ergotherapie\/#organization","name":"Praxis f\u00fcr Ergotherapie Wagner &amp; Team - Berlin Friedrichsfelde Lichtenberg Friedrichshain","url":"https:\/\/www.wagnerundteam.de\/ergotherapie\/","logo":{"@type":"ImageObject","inLanguage":"de","@id":"https:\/\/www.wagnerundteam.de\/ergotherapie\/#\/schema\/logo\/image\/","url":"https:\/\/www.wagnerundteam.de\/ergotherapie\/wp-content\/uploads\/sites\/4\/2018\/08\/cropped-LOGO_hoch.png","contentUrl":"https:\/\/www.wagnerundteam.de\/ergotherapie\/wp-content\/uploads\/sites\/4\/2018\/08\/cropped-LOGO_hoch.png","width":1140,"height":250,"caption":"Praxis f\u00fcr Ergotherapie Wagner &amp; Team - Berlin Friedrichsfelde Lichtenberg Friedrichshain"},"image":{"@id":"https:\/\/www.wagnerundteam.de\/ergotherapie\/#\/schema\/logo\/image\/"}}]}},"_links":{"self":[{"href":"https:\/\/www.wagnerundteam.de\/ergotherapie\/wp-json\/wp\/v2\/pages\/120","targetHints":{"allow":["GET"]}}],"collection":[{"href":"https:\/\/www.wagnerundteam.de\/ergotherapie\/wp-json\/wp\/v2\/pages"}],"about":[{"href":"https:\/\/www.wagnerundteam.de\/ergotherapie\/wp-json\/wp\/v2\/types\/page"}],"author":[{"embeddable":true,"href":"https:\/\/www.wagnerundteam.de\/ergotherapie\/wp-json\/wp\/v2\/users\/1"}],"replies":[{"embeddable":true,"href":"https:\/\/www.wagnerundteam.de\/ergotherapie\/wp-json\/wp\/v2\/comments?post=120"}],"version-history":[{"count":0,"href":"https:\/\/www.wagnerundteam.de\/ergotherapie\/wp-json\/wp\/v2\/pages\/120\/revisions"}],"up":[{"embeddable":true,"href":"https:\/\/www.wagnerundteam.de\/ergotherapie\/wp-json\/wp\/v2\/pages\/292"}],"wp:featuredmedia":[{"embeddable":true,"href":"https:\/\/www.wagnerundteam.de\/ergotherapie\/wp-json\/wp\/v2\/media\/479"}],"wp:attachment":[{"href":"https:\/\/www.wagnerundteam.de\/ergotherapie\/wp-json\/wp\/v2\/media?parent=120"}],"curies":[{"name":"wp","href":"https:\/\/api.w.org\/{rel}","templated":true}]}}