{"id":122,"date":"2018-10-21T16:19:27","date_gmt":"2018-10-21T14:19:27","guid":{"rendered":"https:\/\/www.wagnerundteam.de\/?page_id=122"},"modified":"2018-10-21T16:19:27","modified_gmt":"2018-10-21T14:19:27","slug":"sensorische-ergotherapie-fuer-kinder","status":"publish","type":"page","link":"https:\/\/www.wagnerundteam.de\/ergotherapie\/sensorische-ergotherapie-fuer-kinder\/","title":{"rendered":"Sensorische Ergotherapie f\u00fcr Kinder"},"content":{"rendered":"<h1>Sensorische Ergotherapie f\u00fcr Kinder<\/h1>\n<p class=\"p1\">Wir behandeln Ihre Kinder vom S\u00e4uglings- bis in das Jugendalter, wenn sie Unterst\u00fctzung bei ihrer motorischen und <a href=\"http:\/\/de.wikipedia.org\/wiki\/Sensorik\" target=\"_blank\" rel=\"noopener\"><span class=\"s1\">sensorischen <\/span><\/a>Entwicklung ben\u00f6tigen. Wir unterst\u00fctzen Ihre Kinder, sofern ihre Selbstst\u00e4ndigkeit und Handlungsf\u00e4higkeit eingeschr\u00e4nkt sind. Daf\u00fcr ermitteln wir den tats\u00e4chlichen emotionalen, geistigen und k\u00f6rperlichen Entwicklungsstand Ihres Kindes und stimmen mit Ihnen gemeinsam eine individuell angezeigte Therapie ab.<\/p>\n<h3 class=\"p3\">Unsere Arbeit mit den jungen Patientinnen und Patienten betrifft:<\/h3>\n<ul>\n<li>Die Sinneswahrnehmung und deren Verarbeitung,<\/li>\n<li>die Steigerung der Konzentration, Ausdauer und Motivation,<\/li>\n<li>die Selbst\u00e4ndigkeit, Zufriedenheit und Organisation im Alltag,<\/li>\n<li>die Verbesserung der Koordination, Geschicklichkeit und der Bewegungsabl\u00e4ufe,<\/li>\n<li>die graphomotorischen Entwicklung.<\/li>\n<\/ul>\n<h3 class=\"p3\">Folgende Methoden, Konzepte und Modelle wenden wir an:<\/h3>\n<ul>\n<li><a href=\"http:\/\/de.wikipedia.org\/wiki\/Bobath-Konzept#Patienten_f.C3.BCr_das_Bobath-Konzept\" target=\"_blank\" rel=\"noopener\">Kinderbobath,<\/a><\/li>\n<li><a href=\"http:\/\/de.wikipedia.org\/wiki\/Basale_Stimulation\" target=\"_blank\" rel=\"noopener\">Basale Stimulation,<\/a><\/li>\n<li><a href=\"http:\/\/de.wikipedia.org\/wiki\/Sensorische_Integrationstherapie\" target=\"_blank\" rel=\"noopener\">Sensorische Integrationstherapie,<\/a><\/li>\n<li>Frostig,<\/li>\n<li>Konzentrationstraining,<\/li>\n<li>Graphomotorische \u00dcbungskonzepte.<\/li>\n<\/ul>\n<p>Zu unseren Schwerpunkten z\u00e4hlt die Behandlung von Kindern und Jugendlichen mit psychischen Erkrankungen. Weitere Informationen finden Sie unter dem Men\u00fcpunkt <a href=\"https:\/\/www.wagnerundteam.de\/psychisch-funktionelle-behandlung-bei-kindern\/\">\u201epsychisch funktionelle Behandlung bei Kindern\u201c.<\/a><\/p>\n","protected":false},"excerpt":{"rendered":"<p>Sensorische Ergotherapie f\u00fcr Kinder Wir behandeln Ihre Kinder vom S\u00e4uglings- bis in das Jugendalter, wenn sie Unterst\u00fctzung bei ihrer motorischen und sensorischen Entwicklung ben\u00f6tigen. Wir unterst\u00fctzen Ihre Kinder, sofern ihre Selbstst\u00e4ndigkeit und Handlungsf\u00e4higkeit eingeschr\u00e4nkt sind. Daf\u00fcr ermitteln wir den tats\u00e4chlichen emotionalen, geistigen und k\u00f6rperlichen Entwicklungsstand Ihres Kindes und stimmen mit Ihnen gemeinsam eine individuell angezeigte &hellip; <\/p>\n<p class=\"link-more\"><a href=\"https:\/\/www.wagnerundteam.de\/ergotherapie\/sensorische-ergotherapie-fuer-kinder\/\" class=\"more-link\"><span class=\"screen-reader-text\">\u201eSensorische Ergotherapie f\u00fcr Kinder\u201c<\/span> weiterlesen<\/a><\/p>\n","protected":false},"author":1,"featured_media":0,"parent":0,"menu_order":0,"comment_status":"closed","ping_status":"closed","template":"","meta":{"ngg_post_thumbnail":0,"footnotes":""},"class_list":["post-122","page","type-page","status-publish","hentry"],"yoast_head":"<!-- This site is optimized with the Yoast SEO plugin v27.4 - https:\/\/yoast.com\/product\/yoast-seo-wordpress\/ -->\n<title>Sensorische Ergotherapie f\u00fcr Kinder - Praxis f\u00fcr Ergotherapie Wagner &amp; Team - Berlin Friedrichsfelde Lichtenberg Friedrichshain<\/title>\n<meta name=\"robots\" content=\"index, follow, max-snippet:-1, max-image-preview:large, max-video-preview:-1\" \/>\n<link rel=\"canonical\" href=\"https:\/\/www.wagnerundteam.de\/ergotherapie\/sensorische-ergotherapie-fuer-kinder\/\" \/>\n<meta property=\"og:locale\" content=\"de_DE\" \/>\n<meta property=\"og:type\" content=\"article\" \/>\n<meta property=\"og:title\" content=\"Sensorische Ergotherapie f\u00fcr Kinder - Praxis f\u00fcr Ergotherapie Wagner &amp; Team - Berlin Friedrichsfelde Lichtenberg Friedrichshain\" \/>\n<meta property=\"og:description\" content=\"Sensorische Ergotherapie f\u00fcr Kinder Wir behandeln Ihre Kinder vom S\u00e4uglings- bis in das Jugendalter, wenn sie Unterst\u00fctzung bei ihrer motorischen und sensorischen Entwicklung ben\u00f6tigen. Wir unterst\u00fctzen Ihre Kinder, sofern ihre Selbstst\u00e4ndigkeit und Handlungsf\u00e4higkeit eingeschr\u00e4nkt sind. Daf\u00fcr ermitteln wir den tats\u00e4chlichen emotionalen, geistigen und k\u00f6rperlichen Entwicklungsstand Ihres Kindes und stimmen mit Ihnen gemeinsam eine individuell angezeigte &hellip; \u201eSensorische Ergotherapie f\u00fcr Kinder\u201c weiterlesen\" \/>\n<meta property=\"og:url\" content=\"https:\/\/www.wagnerundteam.de\/ergotherapie\/sensorische-ergotherapie-fuer-kinder\/\" \/>\n<meta property=\"og:site_name\" content=\"Praxis f\u00fcr Ergotherapie Wagner &amp; Team - Berlin Friedrichsfelde Lichtenberg Friedrichshain\" \/>\n<meta name=\"twitter:card\" content=\"summary_large_image\" \/>\n<meta name=\"twitter:label1\" content=\"Gesch\u00e4tzte Lesezeit\" \/>\n\t<meta name=\"twitter:data1\" content=\"1\u00a0Minute\" \/>\n<script type=\"application\/ld+json\" class=\"yoast-schema-graph\">{\"@context\":\"https:\\\/\\\/schema.org\",\"@graph\":[{\"@type\":\"WebPage\",\"@id\":\"https:\\\/\\\/www.wagnerundteam.de\\\/ergotherapie\\\/sensorische-ergotherapie-fuer-kinder\\\/\",\"url\":\"https:\\\/\\\/www.wagnerundteam.de\\\/ergotherapie\\\/sensorische-ergotherapie-fuer-kinder\\\/\",\"name\":\"Sensorische Ergotherapie f\u00fcr Kinder - Praxis f\u00fcr Ergotherapie Wagner &amp; Team - Berlin Friedrichsfelde Lichtenberg Friedrichshain\",\"isPartOf\":{\"@id\":\"https:\\\/\\\/www.wagnerundteam.de\\\/ergotherapie\\\/#website\"},\"datePublished\":\"2018-10-21T14:19:27+00:00\",\"breadcrumb\":{\"@id\":\"https:\\\/\\\/www.wagnerundteam.de\\\/ergotherapie\\\/sensorische-ergotherapie-fuer-kinder\\\/#breadcrumb\"},\"inLanguage\":\"de\",\"potentialAction\":[{\"@type\":\"ReadAction\",\"target\":[\"https:\\\/\\\/www.wagnerundteam.de\\\/ergotherapie\\\/sensorische-ergotherapie-fuer-kinder\\\/\"]}]},{\"@type\":\"BreadcrumbList\",\"@id\":\"https:\\\/\\\/www.wagnerundteam.de\\\/ergotherapie\\\/sensorische-ergotherapie-fuer-kinder\\\/#breadcrumb\",\"itemListElement\":[{\"@type\":\"ListItem\",\"position\":1,\"name\":\"Startseite\",\"item\":\"https:\\\/\\\/www.wagnerundteam.de\\\/ergotherapie\\\/\"},{\"@type\":\"ListItem\",\"position\":2,\"name\":\"Sensorische Ergotherapie f\u00fcr Kinder\"}]},{\"@type\":\"WebSite\",\"@id\":\"https:\\\/\\\/www.wagnerundteam.de\\\/ergotherapie\\\/#website\",\"url\":\"https:\\\/\\\/www.wagnerundteam.de\\\/ergotherapie\\\/\",\"name\":\"Praxis f\u00fcr Ergotherapie Wagner &amp; Team - Berlin Friedrichsfelde Lichtenberg Friedrichshain\",\"description\":\"Ihre Ergotherapeuten Praxis am Tierpark in Berlin\",\"publisher\":{\"@id\":\"https:\\\/\\\/www.wagnerundteam.de\\\/ergotherapie\\\/#organization\"},\"potentialAction\":[{\"@type\":\"SearchAction\",\"target\":{\"@type\":\"EntryPoint\",\"urlTemplate\":\"https:\\\/\\\/www.wagnerundteam.de\\\/ergotherapie\\\/?s={search_term_string}\"},\"query-input\":{\"@type\":\"PropertyValueSpecification\",\"valueRequired\":true,\"valueName\":\"search_term_string\"}}],\"inLanguage\":\"de\"},{\"@type\":\"Organization\",\"@id\":\"https:\\\/\\\/www.wagnerundteam.de\\\/ergotherapie\\\/#organization\",\"name\":\"Praxis f\u00fcr Ergotherapie Wagner &amp; Team - Berlin Friedrichsfelde Lichtenberg Friedrichshain\",\"url\":\"https:\\\/\\\/www.wagnerundteam.de\\\/ergotherapie\\\/\",\"logo\":{\"@type\":\"ImageObject\",\"inLanguage\":\"de\",\"@id\":\"https:\\\/\\\/www.wagnerundteam.de\\\/ergotherapie\\\/#\\\/schema\\\/logo\\\/image\\\/\",\"url\":\"https:\\\/\\\/www.wagnerundteam.de\\\/ergotherapie\\\/wp-content\\\/uploads\\\/sites\\\/4\\\/2018\\\/08\\\/cropped-LOGO_hoch.png\",\"contentUrl\":\"https:\\\/\\\/www.wagnerundteam.de\\\/ergotherapie\\\/wp-content\\\/uploads\\\/sites\\\/4\\\/2018\\\/08\\\/cropped-LOGO_hoch.png\",\"width\":1140,\"height\":250,\"caption\":\"Praxis f\u00fcr Ergotherapie Wagner &amp; Team - Berlin Friedrichsfelde Lichtenberg Friedrichshain\"},\"image\":{\"@id\":\"https:\\\/\\\/www.wagnerundteam.de\\\/ergotherapie\\\/#\\\/schema\\\/logo\\\/image\\\/\"}}]}<\/script>\n<!-- \/ Yoast SEO plugin. -->","yoast_head_json":{"title":"Sensorische Ergotherapie f\u00fcr Kinder - Praxis f\u00fcr Ergotherapie Wagner &amp; Team - Berlin Friedrichsfelde Lichtenberg Friedrichshain","robots":{"index":"index","follow":"follow","max-snippet":"max-snippet:-1","max-image-preview":"max-image-preview:large","max-video-preview":"max-video-preview:-1"},"canonical":"https:\/\/www.wagnerundteam.de\/ergotherapie\/sensorische-ergotherapie-fuer-kinder\/","og_locale":"de_DE","og_type":"article","og_title":"Sensorische Ergotherapie f\u00fcr Kinder - Praxis f\u00fcr Ergotherapie Wagner &amp; Team - Berlin Friedrichsfelde Lichtenberg Friedrichshain","og_description":"Sensorische Ergotherapie f\u00fcr Kinder Wir behandeln Ihre Kinder vom S\u00e4uglings- bis in das Jugendalter, wenn sie Unterst\u00fctzung bei ihrer motorischen und sensorischen Entwicklung ben\u00f6tigen. Wir unterst\u00fctzen Ihre Kinder, sofern ihre Selbstst\u00e4ndigkeit und Handlungsf\u00e4higkeit eingeschr\u00e4nkt sind. Daf\u00fcr ermitteln wir den tats\u00e4chlichen emotionalen, geistigen und k\u00f6rperlichen Entwicklungsstand Ihres Kindes und stimmen mit Ihnen gemeinsam eine individuell angezeigte &hellip; \u201eSensorische Ergotherapie f\u00fcr Kinder\u201c weiterlesen","og_url":"https:\/\/www.wagnerundteam.de\/ergotherapie\/sensorische-ergotherapie-fuer-kinder\/","og_site_name":"Praxis f\u00fcr Ergotherapie Wagner &amp; Team - Berlin Friedrichsfelde Lichtenberg Friedrichshain","twitter_card":"summary_large_image","twitter_misc":{"Gesch\u00e4tzte Lesezeit":"1\u00a0Minute"},"schema":{"@context":"https:\/\/schema.org","@graph":[{"@type":"WebPage","@id":"https:\/\/www.wagnerundteam.de\/ergotherapie\/sensorische-ergotherapie-fuer-kinder\/","url":"https:\/\/www.wagnerundteam.de\/ergotherapie\/sensorische-ergotherapie-fuer-kinder\/","name":"Sensorische Ergotherapie f\u00fcr Kinder - Praxis f\u00fcr Ergotherapie Wagner &amp; Team - Berlin Friedrichsfelde Lichtenberg Friedrichshain","isPartOf":{"@id":"https:\/\/www.wagnerundteam.de\/ergotherapie\/#website"},"datePublished":"2018-10-21T14:19:27+00:00","breadcrumb":{"@id":"https:\/\/www.wagnerundteam.de\/ergotherapie\/sensorische-ergotherapie-fuer-kinder\/#breadcrumb"},"inLanguage":"de","potentialAction":[{"@type":"ReadAction","target":["https:\/\/www.wagnerundteam.de\/ergotherapie\/sensorische-ergotherapie-fuer-kinder\/"]}]},{"@type":"BreadcrumbList","@id":"https:\/\/www.wagnerundteam.de\/ergotherapie\/sensorische-ergotherapie-fuer-kinder\/#breadcrumb","itemListElement":[{"@type":"ListItem","position":1,"name":"Startseite","item":"https:\/\/www.wagnerundteam.de\/ergotherapie\/"},{"@type":"ListItem","position":2,"name":"Sensorische Ergotherapie f\u00fcr Kinder"}]},{"@type":"WebSite","@id":"https:\/\/www.wagnerundteam.de\/ergotherapie\/#website","url":"https:\/\/www.wagnerundteam.de\/ergotherapie\/","name":"Praxis f\u00fcr Ergotherapie Wagner &amp; Team - Berlin Friedrichsfelde Lichtenberg Friedrichshain","description":"Ihre Ergotherapeuten Praxis am Tierpark in Berlin","publisher":{"@id":"https:\/\/www.wagnerundteam.de\/ergotherapie\/#organization"},"potentialAction":[{"@type":"SearchAction","target":{"@type":"EntryPoint","urlTemplate":"https:\/\/www.wagnerundteam.de\/ergotherapie\/?s={search_term_string}"},"query-input":{"@type":"PropertyValueSpecification","valueRequired":true,"valueName":"search_term_string"}}],"inLanguage":"de"},{"@type":"Organization","@id":"https:\/\/www.wagnerundteam.de\/ergotherapie\/#organization","name":"Praxis f\u00fcr Ergotherapie Wagner &amp; Team - Berlin Friedrichsfelde Lichtenberg Friedrichshain","url":"https:\/\/www.wagnerundteam.de\/ergotherapie\/","logo":{"@type":"ImageObject","inLanguage":"de","@id":"https:\/\/www.wagnerundteam.de\/ergotherapie\/#\/schema\/logo\/image\/","url":"https:\/\/www.wagnerundteam.de\/ergotherapie\/wp-content\/uploads\/sites\/4\/2018\/08\/cropped-LOGO_hoch.png","contentUrl":"https:\/\/www.wagnerundteam.de\/ergotherapie\/wp-content\/uploads\/sites\/4\/2018\/08\/cropped-LOGO_hoch.png","width":1140,"height":250,"caption":"Praxis f\u00fcr Ergotherapie Wagner &amp; Team - Berlin Friedrichsfelde Lichtenberg Friedrichshain"},"image":{"@id":"https:\/\/www.wagnerundteam.de\/ergotherapie\/#\/schema\/logo\/image\/"}}]}},"_links":{"self":[{"href":"https:\/\/www.wagnerundteam.de\/ergotherapie\/wp-json\/wp\/v2\/pages\/122","targetHints":{"allow":["GET"]}}],"collection":[{"href":"https:\/\/www.wagnerundteam.de\/ergotherapie\/wp-json\/wp\/v2\/pages"}],"about":[{"href":"https:\/\/www.wagnerundteam.de\/ergotherapie\/wp-json\/wp\/v2\/types\/page"}],"author":[{"embeddable":true,"href":"https:\/\/www.wagnerundteam.de\/ergotherapie\/wp-json\/wp\/v2\/users\/1"}],"replies":[{"embeddable":true,"href":"https:\/\/www.wagnerundteam.de\/ergotherapie\/wp-json\/wp\/v2\/comments?post=122"}],"version-history":[{"count":0,"href":"https:\/\/www.wagnerundteam.de\/ergotherapie\/wp-json\/wp\/v2\/pages\/122\/revisions"}],"wp:attachment":[{"href":"https:\/\/www.wagnerundteam.de\/ergotherapie\/wp-json\/wp\/v2\/media?parent=122"}],"curies":[{"name":"wp","href":"https:\/\/api.w.org\/{rel}","templated":true}]}}