{"id":163,"date":"2018-10-30T21:17:11","date_gmt":"2018-10-30T20:17:11","guid":{"rendered":"https:\/\/www.wagnerundteam.de\/?page_id=163"},"modified":"2025-07-30T19:16:10","modified_gmt":"2025-07-30T17:16:10","slug":"anfahrt-2","status":"publish","type":"page","link":"https:\/\/www.wagnerundteam.de\/ergotherapie\/anfahrt-2\/","title":{"rendered":"Anfahrt"},"content":{"rendered":"\n<p>Hier finden Sie Informationen \u00fcber die \u00f6ffentliche Verkehrsanbindung unserer Praxen in Berlin.<\/p>\n\n\n\n<p>(Tierpark &#8211; Friedrichsfelde &#8211; Lichtenberg &#8211; Friedrichshain)<br><\/p>\n\n\n\n<div class=\"wp-block-columns is-layout-flex wp-container-core-columns-is-layout-9d6595d7 wp-block-columns-is-layout-flex\">\n<div class=\"wp-block-column is-layout-flow wp-block-column-is-layout-flow\">\n<h2 class=\"wp-block-heading\"><a href=\"#AnfahrtAmTierpark\">Anfahrt Am Tierpark<\/a><\/h2>\n\n\n\n<p>Praxis f\u00fcr Ergotherapie<br>Wagner &amp; Team<br>Am Tierpark 31a<br>10315 Berlin<\/p>\n<\/div>\n\n\n\n<div class=\"wp-block-column is-layout-flow wp-block-column-is-layout-flow\">\n<h2 class=\"wp-block-heading\"><a href=\"#AnfahrtRhinstra\u00dfe\">Anfahrt Rhinstra\u00dfe<\/a><\/h2>\n\n\n\n<p>Praxis f\u00fcr Ergotherapie<br>Wagner &amp; Team<br>Rhinstra\u00dfe 11<br>10315 Berlin<\/p>\n<\/div>\n<\/div>\n\n\n\n<p>Mit den \u00f6ffentlichen Verkehrsmitteln sind wir sehr gut erreichbar.<\/p>\n\n\n\n<h2 class=\"wp-block-heading\" id=\"AnfahrtAmTierpark\"><strong>Anfahrt Am Tierpark<\/strong><\/h2>\n\n\n\n<iframe loading=\"lazy\" src=\"https:\/\/www.google.com\/maps\/d\/embed?mid=1Yu36u-DsARpaXQQaw8S-jqg1hZf7Obs&#038;ehbc=2E312F\" width=\"840\" height=\"680\"><\/iframe>\n\n\n<p>Nutzen Sie f\u00fcr die Anfahrt zur Praxis am Tierpark den<\/p>\n<ul>\n<li><strong>Bus 194<\/strong>, bzw. die<\/li>\n<li><strong>Tram 27, 37 oder M 17<\/strong><\/li>\n<\/ul>\n<p>bis zur Haltestelle &#8222;<strong>Am Tierpark\/A.-Kowalke-Stra\u00dfe<\/strong>&#8222;.<br \/>Die <strong>U5 Friedrichsfelde<\/strong> Haltestelle ist zu Fu\u00df ebenso gut erreichbar.<\/p>\n\n\n<p class=\"has-text-align-left\"><a href=\"https:\/\/www.google.com\/maps\/dir\/\/Praxis+f%C3%BCr+Ergotherapie+Wagner+%26+Team+Am+Tierpark+31a+10315+Berlin\/@52.5054859,13.5202776,20z\/data=!4m5!4m4!1m0!1m2!1m1!1s0x47a84f4540340735:0xbfa41cf4dd9d2b49\" target=\"_blank\" rel=\"noreferrer noopener\">Route \u00fcber Google Maps (Am Tierpark)<\/a><br><br><\/p>\n\n\n\n<h2 class=\"wp-block-heading\" id=\"AnfahrtRhinstra\u00dfe\"><strong>Anfahrt Rhinstra\u00dfe<\/strong><\/h2>\n\n\n\n<p>Nutzen Sie f\u00fcr die Anfahrt zur Praxis Rhinstra\u00dfe entweder den<\/p>\n\n\n\n<ul class=\"wp-block-list\">\n<li><strong>Bus 108 \/ 194 \/ M17 \/ N5<\/strong>, bzw. die<\/li>\n\n\n\n<li><strong>Tram 21 \/ 27 \/ 37 \/ 67 oder M17<\/strong><\/li>\n<\/ul>\n\n\n\n<p>bis zur Haltestelle &#8222;<strong>Alt-Friedrichsfelde\/Rhinstr.<\/strong>&#8220; oder die<\/p>\n\n\n\n<ul class=\"wp-block-list\">\n<li><strong>S-Bahn S5 \/ S7 \/ S75<\/strong>, oder den<\/li>\n\n\n\n<li><strong>Bus 192 \/ 194 \/ M17<\/strong>, bzw. die<\/li>\n\n\n\n<li><strong>Tram 21 \/ 27 \/ 37 \/ 67 \/ M17<\/strong><\/li>\n<\/ul>\n\n\n\n<p>bis zur Haltestelle &#8222;<strong>Friedrichsfelde Ost<\/strong>&#8222;.<\/p>\n\n\n\n<iframe loading=\"lazy\" src=\"https:\/\/www.google.com\/maps\/d\/embed?mid=1SqLg7qR10LQxBTnj7Hkmmr1tBPEkGOY&#038;ehbc=2E312F\" width=\"840\" height=\"680\"><\/iframe>\n\n\n\n<p><a href=\"https:\/\/maps.google.com\/maps\/dir\/\/Praxis+f%C3%BCr+Ergotherapie+Wagner+%26+Team+Rhinstra%C3%9Fe+11+10315+Berlin\/@52.512307,13.517771,11z\/data=!4m5!4m4!1m0!1m2!1m1!1s0x47a84fcb1cc93f33:0xd1248fe8bba7e9ea\" target=\"_blank\" rel=\"noreferrer noopener\">Route \u00fcber Google Maps (Rhinstra\u00dfe)<\/a><\/p>\n\n\n\n<p><br><a href=\"https:\/\/www.wagnerundteam.de\/\">Zur\u00fcck zur Startseite<\/a><\/p>\n","protected":false},"excerpt":{"rendered":"<p>Hier finden Sie Informationen \u00fcber die \u00f6ffentliche Verkehrsanbindung unserer Praxen in Berlin. (Tierpark &#8211; Friedrichsfelde &#8211; Lichtenberg &#8211; Friedrichshain) Anfahrt Am Tierpark Praxis f\u00fcr ErgotherapieWagner &amp; TeamAm Tierpark 31a10315 Berlin Anfahrt Rhinstra\u00dfe Praxis f\u00fcr ErgotherapieWagner &amp; TeamRhinstra\u00dfe 1110315 Berlin Mit den \u00f6ffentlichen Verkehrsmitteln sind wir sehr gut erreichbar. Anfahrt Am Tierpark Nutzen Sie f\u00fcr die &hellip; <\/p>\n<p class=\"link-more\"><a href=\"https:\/\/www.wagnerundteam.de\/ergotherapie\/anfahrt-2\/\" class=\"more-link\"><span class=\"screen-reader-text\">\u201eAnfahrt\u201c<\/span> weiterlesen<\/a><\/p>\n","protected":false},"author":1,"featured_media":0,"parent":0,"menu_order":0,"comment_status":"closed","ping_status":"closed","template":"","meta":{"ngg_post_thumbnail":0,"footnotes":""},"class_list":["post-163","page","type-page","status-publish","hentry"],"yoast_head":"<!-- This site is optimized with the Yoast SEO plugin v27.4 - https:\/\/yoast.com\/product\/yoast-seo-wordpress\/ -->\n<title>Anfahrt - Praxis f\u00fcr Ergotherapie Wagner &amp; Team - Berlin Friedrichsfelde Lichtenberg Friedrichshain<\/title>\n<meta name=\"description\" content=\"Hier haben wir f\u00fcr dich eine \u00dcbersicht der \u00f6ffentlichen Verkehrsanbindung unserer Praxis in Berlin mit den Tram und Bus Verbindungen zusammengefasst.\" \/>\n<meta name=\"robots\" content=\"index, follow, max-snippet:-1, max-image-preview:large, max-video-preview:-1\" \/>\n<link rel=\"canonical\" href=\"https:\/\/www.wagnerundteam.de\/ergotherapie\/anfahrt-2\/\" \/>\n<meta property=\"og:locale\" content=\"de_DE\" \/>\n<meta property=\"og:type\" content=\"article\" \/>\n<meta property=\"og:title\" content=\"Anfahrt - Praxis f\u00fcr Ergotherapie Wagner &amp; Team - Berlin Friedrichsfelde Lichtenberg Friedrichshain\" \/>\n<meta property=\"og:description\" content=\"Hier haben wir f\u00fcr dich eine \u00dcbersicht der \u00f6ffentlichen Verkehrsanbindung unserer Praxis in Berlin mit den Tram und Bus Verbindungen zusammengefasst.\" \/>\n<meta property=\"og:url\" content=\"https:\/\/www.wagnerundteam.de\/ergotherapie\/anfahrt-2\/\" \/>\n<meta property=\"og:site_name\" content=\"Praxis f\u00fcr Ergotherapie Wagner &amp; Team - Berlin Friedrichsfelde Lichtenberg Friedrichshain\" \/>\n<meta property=\"article:modified_time\" content=\"2025-07-30T17:16:10+00:00\" \/>\n<meta name=\"twitter:card\" content=\"summary_large_image\" \/>\n<meta name=\"twitter:label1\" content=\"Gesch\u00e4tzte Lesezeit\" \/>\n\t<meta name=\"twitter:data1\" content=\"1\u00a0Minute\" \/>\n<script type=\"application\/ld+json\" class=\"yoast-schema-graph\">{\"@context\":\"https:\\\/\\\/schema.org\",\"@graph\":[{\"@type\":\"WebPage\",\"@id\":\"https:\\\/\\\/www.wagnerundteam.de\\\/ergotherapie\\\/anfahrt-2\\\/\",\"url\":\"https:\\\/\\\/www.wagnerundteam.de\\\/ergotherapie\\\/anfahrt-2\\\/\",\"name\":\"Anfahrt - Praxis f\u00fcr Ergotherapie Wagner &amp; Team - Berlin Friedrichsfelde Lichtenberg Friedrichshain\",\"isPartOf\":{\"@id\":\"https:\\\/\\\/www.wagnerundteam.de\\\/ergotherapie\\\/#website\"},\"datePublished\":\"2018-10-30T20:17:11+00:00\",\"dateModified\":\"2025-07-30T17:16:10+00:00\",\"description\":\"Hier haben wir f\u00fcr dich eine \u00dcbersicht der \u00f6ffentlichen Verkehrsanbindung unserer Praxis in Berlin mit den Tram und Bus Verbindungen zusammengefasst.\",\"breadcrumb\":{\"@id\":\"https:\\\/\\\/www.wagnerundteam.de\\\/ergotherapie\\\/anfahrt-2\\\/#breadcrumb\"},\"inLanguage\":\"de\",\"potentialAction\":[{\"@type\":\"ReadAction\",\"target\":[\"https:\\\/\\\/www.wagnerundteam.de\\\/ergotherapie\\\/anfahrt-2\\\/\"]}]},{\"@type\":\"BreadcrumbList\",\"@id\":\"https:\\\/\\\/www.wagnerundteam.de\\\/ergotherapie\\\/anfahrt-2\\\/#breadcrumb\",\"itemListElement\":[{\"@type\":\"ListItem\",\"position\":1,\"name\":\"Startseite\",\"item\":\"https:\\\/\\\/www.wagnerundteam.de\\\/ergotherapie\\\/\"},{\"@type\":\"ListItem\",\"position\":2,\"name\":\"Anfahrt\"}]},{\"@type\":\"WebSite\",\"@id\":\"https:\\\/\\\/www.wagnerundteam.de\\\/ergotherapie\\\/#website\",\"url\":\"https:\\\/\\\/www.wagnerundteam.de\\\/ergotherapie\\\/\",\"name\":\"Praxis f\u00fcr Ergotherapie Wagner &amp; Team - Berlin Friedrichsfelde Lichtenberg Friedrichshain\",\"description\":\"Ihre Ergotherapeuten Praxis am Tierpark in Berlin\",\"publisher\":{\"@id\":\"https:\\\/\\\/www.wagnerundteam.de\\\/ergotherapie\\\/#organization\"},\"potentialAction\":[{\"@type\":\"SearchAction\",\"target\":{\"@type\":\"EntryPoint\",\"urlTemplate\":\"https:\\\/\\\/www.wagnerundteam.de\\\/ergotherapie\\\/?s={search_term_string}\"},\"query-input\":{\"@type\":\"PropertyValueSpecification\",\"valueRequired\":true,\"valueName\":\"search_term_string\"}}],\"inLanguage\":\"de\"},{\"@type\":\"Organization\",\"@id\":\"https:\\\/\\\/www.wagnerundteam.de\\\/ergotherapie\\\/#organization\",\"name\":\"Praxis f\u00fcr Ergotherapie Wagner &amp; Team - Berlin Friedrichsfelde Lichtenberg Friedrichshain\",\"url\":\"https:\\\/\\\/www.wagnerundteam.de\\\/ergotherapie\\\/\",\"logo\":{\"@type\":\"ImageObject\",\"inLanguage\":\"de\",\"@id\":\"https:\\\/\\\/www.wagnerundteam.de\\\/ergotherapie\\\/#\\\/schema\\\/logo\\\/image\\\/\",\"url\":\"https:\\\/\\\/www.wagnerundteam.de\\\/ergotherapie\\\/wp-content\\\/uploads\\\/sites\\\/4\\\/2018\\\/08\\\/cropped-LOGO_hoch.png\",\"contentUrl\":\"https:\\\/\\\/www.wagnerundteam.de\\\/ergotherapie\\\/wp-content\\\/uploads\\\/sites\\\/4\\\/2018\\\/08\\\/cropped-LOGO_hoch.png\",\"width\":1140,\"height\":250,\"caption\":\"Praxis f\u00fcr Ergotherapie Wagner &amp; Team - Berlin Friedrichsfelde Lichtenberg Friedrichshain\"},\"image\":{\"@id\":\"https:\\\/\\\/www.wagnerundteam.de\\\/ergotherapie\\\/#\\\/schema\\\/logo\\\/image\\\/\"}}]}<\/script>\n<!-- \/ Yoast SEO plugin. -->","yoast_head_json":{"title":"Anfahrt - Praxis f\u00fcr Ergotherapie Wagner &amp; Team - Berlin Friedrichsfelde Lichtenberg Friedrichshain","description":"Hier haben wir f\u00fcr dich eine \u00dcbersicht der \u00f6ffentlichen Verkehrsanbindung unserer Praxis in Berlin mit den Tram und Bus Verbindungen zusammengefasst.","robots":{"index":"index","follow":"follow","max-snippet":"max-snippet:-1","max-image-preview":"max-image-preview:large","max-video-preview":"max-video-preview:-1"},"canonical":"https:\/\/www.wagnerundteam.de\/ergotherapie\/anfahrt-2\/","og_locale":"de_DE","og_type":"article","og_title":"Anfahrt - Praxis f\u00fcr Ergotherapie Wagner &amp; Team - Berlin Friedrichsfelde Lichtenberg Friedrichshain","og_description":"Hier haben wir f\u00fcr dich eine \u00dcbersicht der \u00f6ffentlichen Verkehrsanbindung unserer Praxis in Berlin mit den Tram und Bus Verbindungen zusammengefasst.","og_url":"https:\/\/www.wagnerundteam.de\/ergotherapie\/anfahrt-2\/","og_site_name":"Praxis f\u00fcr Ergotherapie Wagner &amp; Team - Berlin Friedrichsfelde Lichtenberg Friedrichshain","article_modified_time":"2025-07-30T17:16:10+00:00","twitter_card":"summary_large_image","twitter_misc":{"Gesch\u00e4tzte Lesezeit":"1\u00a0Minute"},"schema":{"@context":"https:\/\/schema.org","@graph":[{"@type":"WebPage","@id":"https:\/\/www.wagnerundteam.de\/ergotherapie\/anfahrt-2\/","url":"https:\/\/www.wagnerundteam.de\/ergotherapie\/anfahrt-2\/","name":"Anfahrt - Praxis f\u00fcr Ergotherapie Wagner &amp; Team - Berlin Friedrichsfelde Lichtenberg Friedrichshain","isPartOf":{"@id":"https:\/\/www.wagnerundteam.de\/ergotherapie\/#website"},"datePublished":"2018-10-30T20:17:11+00:00","dateModified":"2025-07-30T17:16:10+00:00","description":"Hier haben wir f\u00fcr dich eine \u00dcbersicht der \u00f6ffentlichen Verkehrsanbindung unserer Praxis in Berlin mit den Tram und Bus Verbindungen zusammengefasst.","breadcrumb":{"@id":"https:\/\/www.wagnerundteam.de\/ergotherapie\/anfahrt-2\/#breadcrumb"},"inLanguage":"de","potentialAction":[{"@type":"ReadAction","target":["https:\/\/www.wagnerundteam.de\/ergotherapie\/anfahrt-2\/"]}]},{"@type":"BreadcrumbList","@id":"https:\/\/www.wagnerundteam.de\/ergotherapie\/anfahrt-2\/#breadcrumb","itemListElement":[{"@type":"ListItem","position":1,"name":"Startseite","item":"https:\/\/www.wagnerundteam.de\/ergotherapie\/"},{"@type":"ListItem","position":2,"name":"Anfahrt"}]},{"@type":"WebSite","@id":"https:\/\/www.wagnerundteam.de\/ergotherapie\/#website","url":"https:\/\/www.wagnerundteam.de\/ergotherapie\/","name":"Praxis f\u00fcr Ergotherapie Wagner &amp; Team - Berlin Friedrichsfelde Lichtenberg Friedrichshain","description":"Ihre Ergotherapeuten Praxis am Tierpark in Berlin","publisher":{"@id":"https:\/\/www.wagnerundteam.de\/ergotherapie\/#organization"},"potentialAction":[{"@type":"SearchAction","target":{"@type":"EntryPoint","urlTemplate":"https:\/\/www.wagnerundteam.de\/ergotherapie\/?s={search_term_string}"},"query-input":{"@type":"PropertyValueSpecification","valueRequired":true,"valueName":"search_term_string"}}],"inLanguage":"de"},{"@type":"Organization","@id":"https:\/\/www.wagnerundteam.de\/ergotherapie\/#organization","name":"Praxis f\u00fcr Ergotherapie Wagner &amp; Team - Berlin Friedrichsfelde Lichtenberg Friedrichshain","url":"https:\/\/www.wagnerundteam.de\/ergotherapie\/","logo":{"@type":"ImageObject","inLanguage":"de","@id":"https:\/\/www.wagnerundteam.de\/ergotherapie\/#\/schema\/logo\/image\/","url":"https:\/\/www.wagnerundteam.de\/ergotherapie\/wp-content\/uploads\/sites\/4\/2018\/08\/cropped-LOGO_hoch.png","contentUrl":"https:\/\/www.wagnerundteam.de\/ergotherapie\/wp-content\/uploads\/sites\/4\/2018\/08\/cropped-LOGO_hoch.png","width":1140,"height":250,"caption":"Praxis f\u00fcr Ergotherapie Wagner &amp; Team - Berlin Friedrichsfelde Lichtenberg Friedrichshain"},"image":{"@id":"https:\/\/www.wagnerundteam.de\/ergotherapie\/#\/schema\/logo\/image\/"}}]}},"_links":{"self":[{"href":"https:\/\/www.wagnerundteam.de\/ergotherapie\/wp-json\/wp\/v2\/pages\/163","targetHints":{"allow":["GET"]}}],"collection":[{"href":"https:\/\/www.wagnerundteam.de\/ergotherapie\/wp-json\/wp\/v2\/pages"}],"about":[{"href":"https:\/\/www.wagnerundteam.de\/ergotherapie\/wp-json\/wp\/v2\/types\/page"}],"author":[{"embeddable":true,"href":"https:\/\/www.wagnerundteam.de\/ergotherapie\/wp-json\/wp\/v2\/users\/1"}],"replies":[{"embeddable":true,"href":"https:\/\/www.wagnerundteam.de\/ergotherapie\/wp-json\/wp\/v2\/comments?post=163"}],"version-history":[{"count":6,"href":"https:\/\/www.wagnerundteam.de\/ergotherapie\/wp-json\/wp\/v2\/pages\/163\/revisions"}],"predecessor-version":[{"id":949,"href":"https:\/\/www.wagnerundteam.de\/ergotherapie\/wp-json\/wp\/v2\/pages\/163\/revisions\/949"}],"wp:attachment":[{"href":"https:\/\/www.wagnerundteam.de\/ergotherapie\/wp-json\/wp\/v2\/media?parent=163"}],"curies":[{"name":"wp","href":"https:\/\/api.w.org\/{rel}","templated":true}]}}