{"id":65,"date":"2018-09-18T10:27:51","date_gmt":"2018-09-18T08:27:51","guid":{"rendered":"https:\/\/www.wagnerundteam.de\/?page_id=65"},"modified":"2026-03-10T11:32:30","modified_gmt":"2026-03-10T10:32:30","slug":"neurologie-therapie-schlaganfall-parkinson-multiple-sklerose","status":"publish","type":"page","link":"https:\/\/www.wagnerundteam.de\/ergotherapie\/therapien\/neurologie-therapie-schlaganfall-parkinson-multiple-sklerose\/","title":{"rendered":"Neurologie \u2013 Spezialisierte Therapie und Rehabilitation"},"content":{"rendered":"\n<p>In unserer Ergotherapie Praxis bieten wir spezialisierte Therapien im Fachbereich der <strong>Neurologie<\/strong> an, um Erkrankungen des zentralen und peripheren Nervensystems gezielt zu behandeln. Patienten, die von neurologischen Beeintr\u00e4chtigungen betroffen sind, erfahren oft vielf\u00e4ltige Einschr\u00e4nkungen ihrer t\u00e4glichen Handlungsf\u00e4higkeit in vielen Lebensbereichen. Unser oberstes Ziel ist es, Ihnen genau hier kompetent zur Seite zu stehen. Durch individuell abgestimmte Ma\u00dfnahmen helfen wir Ihnen dabei, ein Maximum an Lebensqualit\u00e4t, Mobilit\u00e4t und Selbstst\u00e4ndigkeit in Ihrem Alltag zur\u00fcckzugewinnen.<\/p>\n\n\n\n<h2 class=\"wp-block-heading\">Krankheitsbilder in der Neurologie: Schlaganfall, Parkinson, Demenz und mehr<\/h2>\n\n\n\n<p>Wir unterst\u00fctzen Sie ganzheitlich und symptombezogen bei einer Vielzahl von \u00e4rztlichen Diagnosen. Zu den h\u00e4ufigsten Krankheitsbildern, die wir behandeln, z\u00e4hlen unter anderem:<\/p>\n\n\n\n<ul class=\"wp-block-list\">\n<li><strong>Schlaganfall (Apoplex):<\/strong> Gezielte Rehabilitation und F\u00f6rderung der motorischen und kognitiven F\u00e4higkeiten nach einem Hirninfarkt.<\/li>\n\n\n\n<li><strong>Hemiparese:<\/strong> Intensives sensomotorisches Training bei einer halbseitigen L\u00e4hmung, um allt\u00e4gliche Bewegungsabl\u00e4ufe neu zu erlernen.<\/li>\n\n\n\n<li><strong>Morbus Parkinson:<\/strong> Spezifische therapeutische Ma\u00dfnahmen zum Erhalt der Beweglichkeit, Sturzpr\u00e4vention und zur Linderung der Parkinson-Symptome.<\/li>\n\n\n\n<li><strong>Multiple Sklerose:<\/strong> Alltagsorientiertes Training zum langfristigen Erhalt der Koordination und Ausdauer bei MS-Patienten.<\/li>\n\n\n\n<li><strong>Demenz:<\/strong> Kognitive Aktivierung, strukturiertes Hirnleistungstraining und einf\u00fchlsame Alltagsbegleitung f\u00fcr Patienten und Angeh\u00f6rige.<\/li>\n\n\n\n<li><strong>Sch\u00e4del- und Hirnverletzungen:<\/strong> Fachgerechte und ganzheitliche Rehabilitation nach Unf\u00e4llen oder Traumata.<\/li>\n<\/ul>\n\n\n\n<h2 class=\"wp-block-heading\">Ganzheitliche Behandlungsmethoden: Von Schwindeltherapie bis Spiegeltherapie<\/h2>\n\n\n\n<p>Im neurologischen Behandlungsfeld verstehen wir unser Wirken in einem strikt ganzheitlichen Ansatz. Zu Beginn der Behandlung besprechen wir Ihre pers\u00f6nlichen Ziele intensiv und erstellen daraufhin einen ma\u00dfgeschneiderten Therapieplan. Unsere Behandlung beinhaltet die fundierte Beratung, das gezielte Training sowie die sp\u00fcrbare Verbesserung von physiologischen, kognitiven, sozio-emotionalen und sensorischen Einschr\u00e4nkungen.<\/p>\n\n\n\n<p>Um f\u00fcr Sie in der Neurologie die bestm\u00f6glichen Erfolge zu erzielen, greifen wir in unserer Ergotherapie Praxis im sensomotorisch-perzeptiven Bereich auf ein breites Spektrum an modernen, evidenzbasierten und bew\u00e4hrten Behandlungsmethoden zur\u00fcck. Wir orientieren uns dabei stets an aktuellen medizinischen Standards (weiterf\u00fchrende Informationen zu neurologischen Erkrankungen finden Sie beispielsweise bei der <a href=\"https:\/\/dgn.org\/\" target=\"_blank\" rel=\"noreferrer noopener\">Deutschen Gesellschaft f\u00fcr Neurologie<\/a>).<\/p>\n\n\n\n<p>Zu unseren Ma\u00dfnahmen geh\u00f6ren unter anderem:<\/p>\n\n\n\n<ul class=\"wp-block-list\">\n<li><strong>Schwindeltherapie:<\/strong> Gezieltes Training zur Reduzierung von Schwindelattacken und zur Verbesserung des Gleichgewichts.<\/li>\n\n\n\n<li><strong>Spiegeltherapie:<\/strong> Ein innovatives Verfahren, das besonders bei Hemiparese und Phantomschmerzen starke Erfolge zeigt.<\/li>\n\n\n\n<li><strong>Bobath-Konzept:<\/strong> Ein weltweit anerkanntes Therapiekonzept f\u00fcr Patienten mit L\u00e4hmungen.<\/li>\n\n\n\n<li>Hirnleistungstraining (mit und ohne Computer)<\/li>\n\n\n\n<li>F.O.T.T. (Therapie des Fazio-Oralen Traktes)<\/li>\n\n\n\n<li>Neurofeedback<\/li>\n\n\n\n<li>Taping<\/li>\n\n\n\n<li>Feldenkrais-Methode<\/li>\n\n\n\n<li>Craniosacrale Therapie<\/li>\n\n\n\n<li>Basale Stimulation<\/li>\n\n\n\n<li>NLP (Neurolinguistisches Programmieren)<\/li>\n<\/ul>\n\n\n\n<p>Nehmen Sie gerne Kontakt mit uns auf, um Ihren Weg zur Besserung gemeinsam zu starten.<\/p>\n","protected":false},"excerpt":{"rendered":"<p>In unserer Ergotherapie Praxis bieten wir spezialisierte Therapien im Fachbereich der Neurologie an, um Erkrankungen des zentralen und peripheren Nervensystems gezielt zu behandeln. Patienten, die von neurologischen Beeintr\u00e4chtigungen betroffen sind, erfahren oft vielf\u00e4ltige Einschr\u00e4nkungen ihrer t\u00e4glichen Handlungsf\u00e4higkeit in vielen Lebensbereichen. Unser oberstes Ziel ist es, Ihnen genau hier kompetent zur Seite zu stehen. Durch individuell &hellip; <\/p>\n<p class=\"link-more\"><a href=\"https:\/\/www.wagnerundteam.de\/ergotherapie\/therapien\/neurologie-therapie-schlaganfall-parkinson-multiple-sklerose\/\" class=\"more-link\"><span class=\"screen-reader-text\">\u201eNeurologie \u2013 Spezialisierte Therapie und Rehabilitation\u201c<\/span> weiterlesen<\/a><\/p>\n","protected":false},"author":1,"featured_media":454,"parent":292,"menu_order":0,"comment_status":"closed","ping_status":"closed","template":"","meta":{"ngg_post_thumbnail":0,"footnotes":""},"class_list":["post-65","page","type-page","status-publish","has-post-thumbnail","hentry"],"yoast_head":"<!-- This site is optimized with the Yoast SEO plugin v27.4 - https:\/\/yoast.com\/product\/yoast-seo-wordpress\/ -->\n<title>Neurologie \u2013 Spezialisierte Therapie und Rehabilitation - Praxis f\u00fcr Ergotherapie Wagner &amp; Team - Berlin Friedrichsfelde Lichtenberg Friedrichshain<\/title>\n<meta name=\"description\" content=\"Spezialisierte Therapie in der Neurologie: Behandlung bei Schlaganfall (Apoplex), Parkinson, Multiple Sklerose, Demenz &amp; Hemiparese. Inkl. Schwindeltherapie &amp; Spiegeltherapie. In unserer Ergotherapie Praxis im Fachbereich Neurologie.\" \/>\n<meta name=\"robots\" content=\"index, follow, max-snippet:-1, max-image-preview:large, max-video-preview:-1\" \/>\n<link rel=\"canonical\" href=\"https:\/\/www.wagnerundteam.de\/ergotherapie\/therapien\/neurologie-therapie-schlaganfall-parkinson-multiple-sklerose\/\" \/>\n<meta property=\"og:locale\" content=\"de_DE\" \/>\n<meta property=\"og:type\" content=\"article\" \/>\n<meta property=\"og:title\" content=\"Neurologie \u2013 Spezialisierte Therapie und Rehabilitation - Praxis f\u00fcr Ergotherapie Wagner &amp; Team - Berlin Friedrichsfelde Lichtenberg Friedrichshain\" \/>\n<meta property=\"og:description\" content=\"Spezialisierte Therapie in der Neurologie: Behandlung bei Schlaganfall (Apoplex), Parkinson, Multiple Sklerose, Demenz &amp; Hemiparese. Inkl. Schwindeltherapie &amp; Spiegeltherapie. In unserer Ergotherapie Praxis im Fachbereich Neurologie.\" \/>\n<meta property=\"og:url\" content=\"https:\/\/www.wagnerundteam.de\/ergotherapie\/therapien\/neurologie-therapie-schlaganfall-parkinson-multiple-sklerose\/\" \/>\n<meta property=\"og:site_name\" content=\"Praxis f\u00fcr Ergotherapie Wagner &amp; Team - Berlin Friedrichsfelde Lichtenberg Friedrichshain\" \/>\n<meta property=\"article:modified_time\" content=\"2026-03-10T10:32:30+00:00\" \/>\n<meta property=\"og:image\" content=\"https:\/\/www.wagnerundteam.de\/ergotherapie\/wp-content\/uploads\/sites\/4\/2019\/08\/P1015754-1-e1566822346226.jpg\" \/>\n\t<meta property=\"og:image:width\" content=\"1920\" \/>\n\t<meta property=\"og:image:height\" content=\"500\" \/>\n\t<meta property=\"og:image:type\" content=\"image\/jpeg\" \/>\n<meta name=\"twitter:card\" content=\"summary_large_image\" \/>\n<meta name=\"twitter:label1\" content=\"Gesch\u00e4tzte Lesezeit\" \/>\n\t<meta name=\"twitter:data1\" content=\"3\u00a0Minuten\" \/>\n<script type=\"application\/ld+json\" class=\"yoast-schema-graph\">{\"@context\":\"https:\\\/\\\/schema.org\",\"@graph\":[{\"@type\":\"WebPage\",\"@id\":\"https:\\\/\\\/www.wagnerundteam.de\\\/ergotherapie\\\/therapien\\\/neurologie-therapie-schlaganfall-parkinson-multiple-sklerose\\\/\",\"url\":\"https:\\\/\\\/www.wagnerundteam.de\\\/ergotherapie\\\/therapien\\\/neurologie-therapie-schlaganfall-parkinson-multiple-sklerose\\\/\",\"name\":\"Neurologie \u2013 Spezialisierte Therapie und Rehabilitation - Praxis f\u00fcr Ergotherapie Wagner &amp; Team - Berlin Friedrichsfelde Lichtenberg Friedrichshain\",\"isPartOf\":{\"@id\":\"https:\\\/\\\/www.wagnerundteam.de\\\/ergotherapie\\\/#website\"},\"primaryImageOfPage\":{\"@id\":\"https:\\\/\\\/www.wagnerundteam.de\\\/ergotherapie\\\/therapien\\\/neurologie-therapie-schlaganfall-parkinson-multiple-sklerose\\\/#primaryimage\"},\"image\":{\"@id\":\"https:\\\/\\\/www.wagnerundteam.de\\\/ergotherapie\\\/therapien\\\/neurologie-therapie-schlaganfall-parkinson-multiple-sklerose\\\/#primaryimage\"},\"thumbnailUrl\":\"https:\\\/\\\/www.wagnerundteam.de\\\/ergotherapie\\\/wp-content\\\/uploads\\\/sites\\\/4\\\/2019\\\/08\\\/P1015754-1-e1566822346226.jpg\",\"datePublished\":\"2018-09-18T08:27:51+00:00\",\"dateModified\":\"2026-03-10T10:32:30+00:00\",\"description\":\"Spezialisierte Therapie in der Neurologie: Behandlung bei Schlaganfall (Apoplex), Parkinson, Multiple Sklerose, Demenz & Hemiparese. Inkl. Schwindeltherapie & Spiegeltherapie. In unserer Ergotherapie Praxis im Fachbereich Neurologie.\",\"breadcrumb\":{\"@id\":\"https:\\\/\\\/www.wagnerundteam.de\\\/ergotherapie\\\/therapien\\\/neurologie-therapie-schlaganfall-parkinson-multiple-sklerose\\\/#breadcrumb\"},\"inLanguage\":\"de\",\"potentialAction\":[{\"@type\":\"ReadAction\",\"target\":[\"https:\\\/\\\/www.wagnerundteam.de\\\/ergotherapie\\\/therapien\\\/neurologie-therapie-schlaganfall-parkinson-multiple-sklerose\\\/\"]}]},{\"@type\":\"ImageObject\",\"inLanguage\":\"de\",\"@id\":\"https:\\\/\\\/www.wagnerundteam.de\\\/ergotherapie\\\/therapien\\\/neurologie-therapie-schlaganfall-parkinson-multiple-sklerose\\\/#primaryimage\",\"url\":\"https:\\\/\\\/www.wagnerundteam.de\\\/ergotherapie\\\/wp-content\\\/uploads\\\/sites\\\/4\\\/2019\\\/08\\\/P1015754-1-e1566822346226.jpg\",\"contentUrl\":\"https:\\\/\\\/www.wagnerundteam.de\\\/ergotherapie\\\/wp-content\\\/uploads\\\/sites\\\/4\\\/2019\\\/08\\\/P1015754-1-e1566822346226.jpg\",\"width\":1920,\"height\":500},{\"@type\":\"BreadcrumbList\",\"@id\":\"https:\\\/\\\/www.wagnerundteam.de\\\/ergotherapie\\\/therapien\\\/neurologie-therapie-schlaganfall-parkinson-multiple-sklerose\\\/#breadcrumb\",\"itemListElement\":[{\"@type\":\"ListItem\",\"position\":1,\"name\":\"Startseite\",\"item\":\"https:\\\/\\\/www.wagnerundteam.de\\\/ergotherapie\\\/\"},{\"@type\":\"ListItem\",\"position\":2,\"name\":\"Therapien\",\"item\":\"https:\\\/\\\/www.wagnerundteam.de\\\/ergotherapie\\\/therapien\\\/\"},{\"@type\":\"ListItem\",\"position\":3,\"name\":\"Neurologie \u2013 Spezialisierte Therapie und Rehabilitation\"}]},{\"@type\":\"WebSite\",\"@id\":\"https:\\\/\\\/www.wagnerundteam.de\\\/ergotherapie\\\/#website\",\"url\":\"https:\\\/\\\/www.wagnerundteam.de\\\/ergotherapie\\\/\",\"name\":\"Praxis f\u00fcr Ergotherapie Wagner &amp; Team - Berlin Friedrichsfelde Lichtenberg Friedrichshain\",\"description\":\"Ihre Ergotherapeuten Praxis am Tierpark in Berlin\",\"publisher\":{\"@id\":\"https:\\\/\\\/www.wagnerundteam.de\\\/ergotherapie\\\/#organization\"},\"potentialAction\":[{\"@type\":\"SearchAction\",\"target\":{\"@type\":\"EntryPoint\",\"urlTemplate\":\"https:\\\/\\\/www.wagnerundteam.de\\\/ergotherapie\\\/?s={search_term_string}\"},\"query-input\":{\"@type\":\"PropertyValueSpecification\",\"valueRequired\":true,\"valueName\":\"search_term_string\"}}],\"inLanguage\":\"de\"},{\"@type\":\"Organization\",\"@id\":\"https:\\\/\\\/www.wagnerundteam.de\\\/ergotherapie\\\/#organization\",\"name\":\"Praxis f\u00fcr Ergotherapie Wagner &amp; Team - Berlin Friedrichsfelde Lichtenberg Friedrichshain\",\"url\":\"https:\\\/\\\/www.wagnerundteam.de\\\/ergotherapie\\\/\",\"logo\":{\"@type\":\"ImageObject\",\"inLanguage\":\"de\",\"@id\":\"https:\\\/\\\/www.wagnerundteam.de\\\/ergotherapie\\\/#\\\/schema\\\/logo\\\/image\\\/\",\"url\":\"https:\\\/\\\/www.wagnerundteam.de\\\/ergotherapie\\\/wp-content\\\/uploads\\\/sites\\\/4\\\/2018\\\/08\\\/cropped-LOGO_hoch.png\",\"contentUrl\":\"https:\\\/\\\/www.wagnerundteam.de\\\/ergotherapie\\\/wp-content\\\/uploads\\\/sites\\\/4\\\/2018\\\/08\\\/cropped-LOGO_hoch.png\",\"width\":1140,\"height\":250,\"caption\":\"Praxis f\u00fcr Ergotherapie Wagner &amp; Team - Berlin Friedrichsfelde Lichtenberg Friedrichshain\"},\"image\":{\"@id\":\"https:\\\/\\\/www.wagnerundteam.de\\\/ergotherapie\\\/#\\\/schema\\\/logo\\\/image\\\/\"}}]}<\/script>\n<!-- \/ Yoast SEO plugin. -->","yoast_head_json":{"title":"Neurologie \u2013 Spezialisierte Therapie und Rehabilitation - Praxis f\u00fcr Ergotherapie Wagner &amp; Team - Berlin Friedrichsfelde Lichtenberg Friedrichshain","description":"Spezialisierte Therapie in der Neurologie: Behandlung bei Schlaganfall (Apoplex), Parkinson, Multiple Sklerose, Demenz & Hemiparese. Inkl. Schwindeltherapie & Spiegeltherapie. In unserer Ergotherapie Praxis im Fachbereich Neurologie.","robots":{"index":"index","follow":"follow","max-snippet":"max-snippet:-1","max-image-preview":"max-image-preview:large","max-video-preview":"max-video-preview:-1"},"canonical":"https:\/\/www.wagnerundteam.de\/ergotherapie\/therapien\/neurologie-therapie-schlaganfall-parkinson-multiple-sklerose\/","og_locale":"de_DE","og_type":"article","og_title":"Neurologie \u2013 Spezialisierte Therapie und Rehabilitation - Praxis f\u00fcr Ergotherapie Wagner &amp; Team - Berlin Friedrichsfelde Lichtenberg Friedrichshain","og_description":"Spezialisierte Therapie in der Neurologie: Behandlung bei Schlaganfall (Apoplex), Parkinson, Multiple Sklerose, Demenz & Hemiparese. Inkl. Schwindeltherapie & Spiegeltherapie. In unserer Ergotherapie Praxis im Fachbereich Neurologie.","og_url":"https:\/\/www.wagnerundteam.de\/ergotherapie\/therapien\/neurologie-therapie-schlaganfall-parkinson-multiple-sklerose\/","og_site_name":"Praxis f\u00fcr Ergotherapie Wagner &amp; Team - Berlin Friedrichsfelde Lichtenberg Friedrichshain","article_modified_time":"2026-03-10T10:32:30+00:00","og_image":[{"width":1920,"height":500,"url":"https:\/\/www.wagnerundteam.de\/ergotherapie\/wp-content\/uploads\/sites\/4\/2019\/08\/P1015754-1-e1566822346226.jpg","type":"image\/jpeg"}],"twitter_card":"summary_large_image","twitter_misc":{"Gesch\u00e4tzte Lesezeit":"3\u00a0Minuten"},"schema":{"@context":"https:\/\/schema.org","@graph":[{"@type":"WebPage","@id":"https:\/\/www.wagnerundteam.de\/ergotherapie\/therapien\/neurologie-therapie-schlaganfall-parkinson-multiple-sklerose\/","url":"https:\/\/www.wagnerundteam.de\/ergotherapie\/therapien\/neurologie-therapie-schlaganfall-parkinson-multiple-sklerose\/","name":"Neurologie \u2013 Spezialisierte Therapie und Rehabilitation - Praxis f\u00fcr Ergotherapie Wagner &amp; Team - Berlin Friedrichsfelde Lichtenberg Friedrichshain","isPartOf":{"@id":"https:\/\/www.wagnerundteam.de\/ergotherapie\/#website"},"primaryImageOfPage":{"@id":"https:\/\/www.wagnerundteam.de\/ergotherapie\/therapien\/neurologie-therapie-schlaganfall-parkinson-multiple-sklerose\/#primaryimage"},"image":{"@id":"https:\/\/www.wagnerundteam.de\/ergotherapie\/therapien\/neurologie-therapie-schlaganfall-parkinson-multiple-sklerose\/#primaryimage"},"thumbnailUrl":"https:\/\/www.wagnerundteam.de\/ergotherapie\/wp-content\/uploads\/sites\/4\/2019\/08\/P1015754-1-e1566822346226.jpg","datePublished":"2018-09-18T08:27:51+00:00","dateModified":"2026-03-10T10:32:30+00:00","description":"Spezialisierte Therapie in der Neurologie: Behandlung bei Schlaganfall (Apoplex), Parkinson, Multiple Sklerose, Demenz & Hemiparese. Inkl. Schwindeltherapie & Spiegeltherapie. In unserer Ergotherapie Praxis im Fachbereich Neurologie.","breadcrumb":{"@id":"https:\/\/www.wagnerundteam.de\/ergotherapie\/therapien\/neurologie-therapie-schlaganfall-parkinson-multiple-sklerose\/#breadcrumb"},"inLanguage":"de","potentialAction":[{"@type":"ReadAction","target":["https:\/\/www.wagnerundteam.de\/ergotherapie\/therapien\/neurologie-therapie-schlaganfall-parkinson-multiple-sklerose\/"]}]},{"@type":"ImageObject","inLanguage":"de","@id":"https:\/\/www.wagnerundteam.de\/ergotherapie\/therapien\/neurologie-therapie-schlaganfall-parkinson-multiple-sklerose\/#primaryimage","url":"https:\/\/www.wagnerundteam.de\/ergotherapie\/wp-content\/uploads\/sites\/4\/2019\/08\/P1015754-1-e1566822346226.jpg","contentUrl":"https:\/\/www.wagnerundteam.de\/ergotherapie\/wp-content\/uploads\/sites\/4\/2019\/08\/P1015754-1-e1566822346226.jpg","width":1920,"height":500},{"@type":"BreadcrumbList","@id":"https:\/\/www.wagnerundteam.de\/ergotherapie\/therapien\/neurologie-therapie-schlaganfall-parkinson-multiple-sklerose\/#breadcrumb","itemListElement":[{"@type":"ListItem","position":1,"name":"Startseite","item":"https:\/\/www.wagnerundteam.de\/ergotherapie\/"},{"@type":"ListItem","position":2,"name":"Therapien","item":"https:\/\/www.wagnerundteam.de\/ergotherapie\/therapien\/"},{"@type":"ListItem","position":3,"name":"Neurologie \u2013 Spezialisierte Therapie und Rehabilitation"}]},{"@type":"WebSite","@id":"https:\/\/www.wagnerundteam.de\/ergotherapie\/#website","url":"https:\/\/www.wagnerundteam.de\/ergotherapie\/","name":"Praxis f\u00fcr Ergotherapie Wagner &amp; Team - Berlin Friedrichsfelde Lichtenberg Friedrichshain","description":"Ihre Ergotherapeuten Praxis am Tierpark in Berlin","publisher":{"@id":"https:\/\/www.wagnerundteam.de\/ergotherapie\/#organization"},"potentialAction":[{"@type":"SearchAction","target":{"@type":"EntryPoint","urlTemplate":"https:\/\/www.wagnerundteam.de\/ergotherapie\/?s={search_term_string}"},"query-input":{"@type":"PropertyValueSpecification","valueRequired":true,"valueName":"search_term_string"}}],"inLanguage":"de"},{"@type":"Organization","@id":"https:\/\/www.wagnerundteam.de\/ergotherapie\/#organization","name":"Praxis f\u00fcr Ergotherapie Wagner &amp; Team - Berlin Friedrichsfelde Lichtenberg Friedrichshain","url":"https:\/\/www.wagnerundteam.de\/ergotherapie\/","logo":{"@type":"ImageObject","inLanguage":"de","@id":"https:\/\/www.wagnerundteam.de\/ergotherapie\/#\/schema\/logo\/image\/","url":"https:\/\/www.wagnerundteam.de\/ergotherapie\/wp-content\/uploads\/sites\/4\/2018\/08\/cropped-LOGO_hoch.png","contentUrl":"https:\/\/www.wagnerundteam.de\/ergotherapie\/wp-content\/uploads\/sites\/4\/2018\/08\/cropped-LOGO_hoch.png","width":1140,"height":250,"caption":"Praxis f\u00fcr Ergotherapie Wagner &amp; Team - Berlin Friedrichsfelde Lichtenberg Friedrichshain"},"image":{"@id":"https:\/\/www.wagnerundteam.de\/ergotherapie\/#\/schema\/logo\/image\/"}}]}},"_links":{"self":[{"href":"https:\/\/www.wagnerundteam.de\/ergotherapie\/wp-json\/wp\/v2\/pages\/65","targetHints":{"allow":["GET"]}}],"collection":[{"href":"https:\/\/www.wagnerundteam.de\/ergotherapie\/wp-json\/wp\/v2\/pages"}],"about":[{"href":"https:\/\/www.wagnerundteam.de\/ergotherapie\/wp-json\/wp\/v2\/types\/page"}],"author":[{"embeddable":true,"href":"https:\/\/www.wagnerundteam.de\/ergotherapie\/wp-json\/wp\/v2\/users\/1"}],"replies":[{"embeddable":true,"href":"https:\/\/www.wagnerundteam.de\/ergotherapie\/wp-json\/wp\/v2\/comments?post=65"}],"version-history":[{"count":4,"href":"https:\/\/www.wagnerundteam.de\/ergotherapie\/wp-json\/wp\/v2\/pages\/65\/revisions"}],"predecessor-version":[{"id":994,"href":"https:\/\/www.wagnerundteam.de\/ergotherapie\/wp-json\/wp\/v2\/pages\/65\/revisions\/994"}],"up":[{"embeddable":true,"href":"https:\/\/www.wagnerundteam.de\/ergotherapie\/wp-json\/wp\/v2\/pages\/292"}],"wp:featuredmedia":[{"embeddable":true,"href":"https:\/\/www.wagnerundteam.de\/ergotherapie\/wp-json\/wp\/v2\/media\/454"}],"wp:attachment":[{"href":"https:\/\/www.wagnerundteam.de\/ergotherapie\/wp-json\/wp\/v2\/media?parent=65"}],"curies":[{"name":"wp","href":"https:\/\/api.w.org\/{rel}","templated":true}]}}