{"id":20,"date":"2025-08-08T20:26:17","date_gmt":"2025-08-08T18:26:17","guid":{"rendered":"https:\/\/www.wagnerundteam.de\/psychotherapie\/?page_id=20"},"modified":"2025-08-08T20:26:17","modified_gmt":"2025-08-08T18:26:17","slug":"psychotherapie-was-ist-das-eigentlich","status":"publish","type":"page","link":"https:\/\/www.wagnerundteam.de\/psychotherapie\/psychotherapie-was-ist-das-eigentlich\/","title":{"rendered":"Psychotherapie \u2013 Was ist das eigentlich?"},"content":{"rendered":"\n<p>Psychotherapie ist eine professionelle Unterst\u00fctzung f\u00fcr Menschen, die in schwierigen Lebenssituationen oder bei psychischen Beschwerden Hilfe suchen. Sie bietet einen gesch\u00fctzten Raum, in dem mit einer\/m Therapeutin\/en gemeinsam an Themen gearbeitet werden kann, sei es bei \u00c4ngsten, Depressionen, Beziehungskonflikten oder Stress (usw.).<\/p>\n\n\n\n<p>Die Therapie hilft dabei, belastende Gedanken und Gef\u00fchle zu verstehen, um neue Wege zu finden, diese ggfls. zu ver\u00e4ndern. Sie zielt darauf ab, Ihnen zu mehr Lebensqualit\u00e4t, bzw. gezielt bei Ihren Anliegen oder individuellen Werteorientierung zu helfen.<\/p>\n","protected":false},"excerpt":{"rendered":"<p>Psychotherapie ist eine professionelle Unterst\u00fctzung f\u00fcr Menschen, die in schwierigen Lebenssituationen oder bei psychischen Beschwerden Hilfe suchen. Sie bietet einen gesch\u00fctzten Raum, in dem mit einer\/m Therapeutin\/en gemeinsam an Themen gearbeitet werden kann, sei es bei \u00c4ngsten, Depressionen, Beziehungskonflikten oder Stress (usw.). Die Therapie hilft dabei, belastende Gedanken und Gef\u00fchle zu verstehen, um neue Wege &hellip; <\/p>\n<p class=\"link-more\"><a href=\"https:\/\/www.wagnerundteam.de\/psychotherapie\/psychotherapie-was-ist-das-eigentlich\/\" class=\"more-link\"><span class=\"screen-reader-text\">\u201ePsychotherapie \u2013 Was ist das eigentlich?\u201c<\/span> weiterlesen<\/a><\/p>\n","protected":false},"author":1,"featured_media":0,"parent":0,"menu_order":0,"comment_status":"closed","ping_status":"closed","template":"","meta":{"ngg_post_thumbnail":0,"footnotes":""},"class_list":["post-20","page","type-page","status-publish","hentry"],"yoast_head":"<!-- This site is optimized with the Yoast SEO plugin v27.6 - https:\/\/yoast.com\/product\/yoast-seo-wordpress\/ -->\n<title>Psychotherapie \u2013 Was ist das eigentlich? - Praxis f\u00fcr Psychotherapie Wagner - Berlin Friedrichsfelde Lichtenberg Friedrichshain<\/title>\n<meta name=\"robots\" content=\"index, follow, max-snippet:-1, max-image-preview:large, max-video-preview:-1\" \/>\n<link rel=\"canonical\" href=\"https:\/\/www.wagnerundteam.de\/psychotherapie\/psychotherapie-was-ist-das-eigentlich\/\" \/>\n<meta property=\"og:locale\" content=\"de_DE\" \/>\n<meta property=\"og:type\" content=\"article\" \/>\n<meta property=\"og:title\" content=\"Psychotherapie \u2013 Was ist das eigentlich? - Praxis f\u00fcr Psychotherapie Wagner - Berlin Friedrichsfelde Lichtenberg Friedrichshain\" \/>\n<meta property=\"og:description\" content=\"Psychotherapie ist eine professionelle Unterst\u00fctzung f\u00fcr Menschen, die in schwierigen Lebenssituationen oder bei psychischen Beschwerden Hilfe suchen. Sie bietet einen gesch\u00fctzten Raum, in dem mit einer\/m Therapeutin\/en gemeinsam an Themen gearbeitet werden kann, sei es bei \u00c4ngsten, Depressionen, Beziehungskonflikten oder Stress (usw.). Die Therapie hilft dabei, belastende Gedanken und Gef\u00fchle zu verstehen, um neue Wege &hellip; \u201ePsychotherapie \u2013 Was ist das eigentlich?\u201c weiterlesen\" \/>\n<meta property=\"og:url\" content=\"https:\/\/www.wagnerundteam.de\/psychotherapie\/psychotherapie-was-ist-das-eigentlich\/\" \/>\n<meta property=\"og:site_name\" content=\"Praxis f\u00fcr Psychotherapie Wagner - Berlin Friedrichsfelde Lichtenberg Friedrichshain\" \/>\n<meta name=\"twitter:card\" content=\"summary_large_image\" \/>\n<meta name=\"twitter:label1\" content=\"Gesch\u00e4tzte Lesezeit\" \/>\n\t<meta name=\"twitter:data1\" content=\"1\u00a0Minute\" \/>\n<script type=\"application\/ld+json\" class=\"yoast-schema-graph\">{\"@context\":\"https:\\\/\\\/schema.org\",\"@graph\":[{\"@type\":\"WebPage\",\"@id\":\"https:\\\/\\\/www.wagnerundteam.de\\\/psychotherapie\\\/psychotherapie-was-ist-das-eigentlich\\\/\",\"url\":\"https:\\\/\\\/www.wagnerundteam.de\\\/psychotherapie\\\/psychotherapie-was-ist-das-eigentlich\\\/\",\"name\":\"Psychotherapie \u2013 Was ist das eigentlich? - Praxis f\u00fcr Psychotherapie Wagner - Berlin Friedrichsfelde Lichtenberg Friedrichshain\",\"isPartOf\":{\"@id\":\"https:\\\/\\\/www.wagnerundteam.de\\\/psychotherapie\\\/#website\"},\"datePublished\":\"2025-08-08T18:26:17+00:00\",\"breadcrumb\":{\"@id\":\"https:\\\/\\\/www.wagnerundteam.de\\\/psychotherapie\\\/psychotherapie-was-ist-das-eigentlich\\\/#breadcrumb\"},\"inLanguage\":\"de\",\"potentialAction\":[{\"@type\":\"ReadAction\",\"target\":[\"https:\\\/\\\/www.wagnerundteam.de\\\/psychotherapie\\\/psychotherapie-was-ist-das-eigentlich\\\/\"]}]},{\"@type\":\"BreadcrumbList\",\"@id\":\"https:\\\/\\\/www.wagnerundteam.de\\\/psychotherapie\\\/psychotherapie-was-ist-das-eigentlich\\\/#breadcrumb\",\"itemListElement\":[{\"@type\":\"ListItem\",\"position\":1,\"name\":\"Startseite\",\"item\":\"https:\\\/\\\/www.wagnerundteam.de\\\/psychotherapie\\\/\"},{\"@type\":\"ListItem\",\"position\":2,\"name\":\"Psychotherapie \u2013 Was ist das eigentlich?\"}]},{\"@type\":\"WebSite\",\"@id\":\"https:\\\/\\\/www.wagnerundteam.de\\\/psychotherapie\\\/#website\",\"url\":\"https:\\\/\\\/www.wagnerundteam.de\\\/psychotherapie\\\/\",\"name\":\"Praxis f\u00fcr Psychotherapie Wagner - Berlin Friedrichsfelde Lichtenberg Friedrichshain\",\"description\":\"\",\"potentialAction\":[{\"@type\":\"SearchAction\",\"target\":{\"@type\":\"EntryPoint\",\"urlTemplate\":\"https:\\\/\\\/www.wagnerundteam.de\\\/psychotherapie\\\/?s={search_term_string}\"},\"query-input\":{\"@type\":\"PropertyValueSpecification\",\"valueRequired\":true,\"valueName\":\"search_term_string\"}}],\"inLanguage\":\"de\"}]}<\/script>\n<!-- \/ Yoast SEO plugin. -->","yoast_head_json":{"title":"Psychotherapie \u2013 Was ist das eigentlich? - Praxis f\u00fcr Psychotherapie Wagner - Berlin Friedrichsfelde Lichtenberg Friedrichshain","robots":{"index":"index","follow":"follow","max-snippet":"max-snippet:-1","max-image-preview":"max-image-preview:large","max-video-preview":"max-video-preview:-1"},"canonical":"https:\/\/www.wagnerundteam.de\/psychotherapie\/psychotherapie-was-ist-das-eigentlich\/","og_locale":"de_DE","og_type":"article","og_title":"Psychotherapie \u2013 Was ist das eigentlich? - Praxis f\u00fcr Psychotherapie Wagner - Berlin Friedrichsfelde Lichtenberg Friedrichshain","og_description":"Psychotherapie ist eine professionelle Unterst\u00fctzung f\u00fcr Menschen, die in schwierigen Lebenssituationen oder bei psychischen Beschwerden Hilfe suchen. Sie bietet einen gesch\u00fctzten Raum, in dem mit einer\/m Therapeutin\/en gemeinsam an Themen gearbeitet werden kann, sei es bei \u00c4ngsten, Depressionen, Beziehungskonflikten oder Stress (usw.). Die Therapie hilft dabei, belastende Gedanken und Gef\u00fchle zu verstehen, um neue Wege &hellip; \u201ePsychotherapie \u2013 Was ist das eigentlich?\u201c weiterlesen","og_url":"https:\/\/www.wagnerundteam.de\/psychotherapie\/psychotherapie-was-ist-das-eigentlich\/","og_site_name":"Praxis f\u00fcr Psychotherapie Wagner - Berlin Friedrichsfelde Lichtenberg Friedrichshain","twitter_card":"summary_large_image","twitter_misc":{"Gesch\u00e4tzte Lesezeit":"1\u00a0Minute"},"schema":{"@context":"https:\/\/schema.org","@graph":[{"@type":"WebPage","@id":"https:\/\/www.wagnerundteam.de\/psychotherapie\/psychotherapie-was-ist-das-eigentlich\/","url":"https:\/\/www.wagnerundteam.de\/psychotherapie\/psychotherapie-was-ist-das-eigentlich\/","name":"Psychotherapie \u2013 Was ist das eigentlich? - Praxis f\u00fcr Psychotherapie Wagner - Berlin Friedrichsfelde Lichtenberg Friedrichshain","isPartOf":{"@id":"https:\/\/www.wagnerundteam.de\/psychotherapie\/#website"},"datePublished":"2025-08-08T18:26:17+00:00","breadcrumb":{"@id":"https:\/\/www.wagnerundteam.de\/psychotherapie\/psychotherapie-was-ist-das-eigentlich\/#breadcrumb"},"inLanguage":"de","potentialAction":[{"@type":"ReadAction","target":["https:\/\/www.wagnerundteam.de\/psychotherapie\/psychotherapie-was-ist-das-eigentlich\/"]}]},{"@type":"BreadcrumbList","@id":"https:\/\/www.wagnerundteam.de\/psychotherapie\/psychotherapie-was-ist-das-eigentlich\/#breadcrumb","itemListElement":[{"@type":"ListItem","position":1,"name":"Startseite","item":"https:\/\/www.wagnerundteam.de\/psychotherapie\/"},{"@type":"ListItem","position":2,"name":"Psychotherapie \u2013 Was ist das eigentlich?"}]},{"@type":"WebSite","@id":"https:\/\/www.wagnerundteam.de\/psychotherapie\/#website","url":"https:\/\/www.wagnerundteam.de\/psychotherapie\/","name":"Praxis f\u00fcr Psychotherapie Wagner - Berlin Friedrichsfelde Lichtenberg Friedrichshain","description":"","potentialAction":[{"@type":"SearchAction","target":{"@type":"EntryPoint","urlTemplate":"https:\/\/www.wagnerundteam.de\/psychotherapie\/?s={search_term_string}"},"query-input":{"@type":"PropertyValueSpecification","valueRequired":true,"valueName":"search_term_string"}}],"inLanguage":"de"}]}},"_links":{"self":[{"href":"https:\/\/www.wagnerundteam.de\/psychotherapie\/wp-json\/wp\/v2\/pages\/20","targetHints":{"allow":["GET"]}}],"collection":[{"href":"https:\/\/www.wagnerundteam.de\/psychotherapie\/wp-json\/wp\/v2\/pages"}],"about":[{"href":"https:\/\/www.wagnerundteam.de\/psychotherapie\/wp-json\/wp\/v2\/types\/page"}],"author":[{"embeddable":true,"href":"https:\/\/www.wagnerundteam.de\/psychotherapie\/wp-json\/wp\/v2\/users\/1"}],"replies":[{"embeddable":true,"href":"https:\/\/www.wagnerundteam.de\/psychotherapie\/wp-json\/wp\/v2\/comments?post=20"}],"version-history":[{"count":1,"href":"https:\/\/www.wagnerundteam.de\/psychotherapie\/wp-json\/wp\/v2\/pages\/20\/revisions"}],"predecessor-version":[{"id":21,"href":"https:\/\/www.wagnerundteam.de\/psychotherapie\/wp-json\/wp\/v2\/pages\/20\/revisions\/21"}],"wp:attachment":[{"href":"https:\/\/www.wagnerundteam.de\/psychotherapie\/wp-json\/wp\/v2\/media?parent=20"}],"curies":[{"name":"wp","href":"https:\/\/api.w.org\/{rel}","templated":true}]}}